{"id":1679,"date":"2014-09-29T09:53:01","date_gmt":"2014-09-29T09:53:01","guid":{"rendered":"http:\/\/www.pszich.u-szeged.hu\/impulzus\/?page_id=1679"},"modified":"2014-10-01T15:56:46","modified_gmt":"2014-10-01T15:56:46","slug":"contr-ana-kognitiv-lezaras-iranti-igeny-vizsgalata-az-eveszavarokat-tamogato-weboldalak-felhasznaloinal","status":"publish","type":"page","link":"https:\/\/impulzus-pszichologia.hu\/?page_id=1679","title":{"rendered":"\u201eContr-ana\u201d \u2013 Kognit\u00edv lez\u00e1r\u00e1s ir\u00e1nti ig\u00e9ny vizsg\u00e1lata az ev\u00e9szavarokat t\u00e1mogat\u00f3 weboldalak felhaszn\u00e1l\u00f3in\u00e1l"},"content":{"rendered":"<p><a href=\"http:\/\/www.impulzus-pszichologia.hu\/wp-content\/uploads\/2014\/10\/2-contra-ana.pdf\"><img decoding=\"async\" class=\"alignright size-full wp-image-1684\" src=\"http:\/\/www.impulzus-pszichologia.hu\/wp-content\/uploads\/2014\/09\/pdf-icon.png\" alt=\"pdf-icon\" width=\"80\" srcset=\"https:\/\/impulzus-pszichologia.hu\/wp-content\/uploads\/2014\/09\/pdf-icon.png 256w, https:\/\/impulzus-pszichologia.hu\/wp-content\/uploads\/2014\/09\/pdf-icon-150x150.png 150w\" sizes=\"(max-width: 256px) 100vw, 256px\" \/><\/a><strong>Kresznerits Szilvia<\/strong><sup>1<\/sup>, <strong>Fedor Mariann<\/strong><sup>2<\/sup><br \/>\n<sup>1<\/sup>SZTE-BTK Pszichol\u00f3gia Int\u00e9zet<br \/>\n<sup>2<\/sup>SZTE BTK Pszichol\u00f3gia Int\u00e9zet<\/p>\n<p>Az ev\u00e9szavarokat (ED) n\u00e9pszer\u0171s\u00edt\u0151 pro-ana \u00e9s pro-mia weboldalak terjed\u00e9se k\u00e9t k\u00e9rd\u00e9st vet fel: 1.Milyen vesz\u00e9lyeket jelentenek ezek az oldalak? 2. A jelens\u00e9g tanulm\u00e1nyoz\u00e1sa mik\u00e9nt seg\u00edtheti az ev\u00e9szavarok m\u00e9lyebb meg\u00e9rt\u00e9s\u00e9t? Tchanturia \u00e9s munkat\u00e1rsai (2004) az ev\u00e9szavarokn\u00e1l megjelen\u0151 viselked\u00e9sform\u00e1kn\u00e1l a kognit\u00edv kontroll zavar\u00e1t mutatt\u00e1k ki. Ez alapj\u00e1n vizsg\u00e1latunkban els\u0151sorban az anorexia \u00e9s a bulimia nervosa jellegzetes t\u00fcneteit vetett\u00fck \u00f6ssze a kognit\u00edv lez\u00e1r\u00e1s ig\u00e9ny\u00e9nek Webster \u00e9s Kruglanski (1994) \u00e1ltal meghat\u00e1rozott dimenzi\u00f3ival. A speci\u00e1lis inform\u00e1ci\u00f3feldolgoz\u00e1si m\u00f3dok felt\u00e1r\u00e1sa seg\u00edts\u00e9get ny\u00fajthat a ter\u00e1pi\u00e1k hat\u00e9konyabb\u00e1 t\u00e9tel\u00e9ben, illetve \u00faj inform\u00e1ci\u00f3kat ny\u00fajthat az ev\u00e9szavarok h\u00e1tter\u00e9r\u0151l. Az \u00f6sszef\u00fcgg\u00e9sek vizsg\u00e1lat\u00e1hoz internetes blogok (NED=5, Nfogy\u00f3k\u00fara=2) 368 bejegyz\u00e9s\u00e9nek tartalm\u00e1t elemezt\u00fck. Emellett ev\u00e9szavaros \u00e9s fogy\u00f3k\u00far\u00e1z\u00f3 f\u00f3rum felhaszn\u00e1l\u00f3kkal (NED=27, Nfogy\u00f3k\u00fara=30), illetve norm\u00e1l kontroll csoporttal (N=29) felvett\u00fck a BITE \u00e9s az ANIS tesztek r\u00f6vid\u00edtett v\u00e1ltozat\u00e1t, valamint a Lez\u00e1r\u00e1si Ig\u00e9ny k\u00e9rd\u0151\u00edvet. A k\u00e9rd\u0151\u00edves vizsg\u00e1lat alapj\u00e1n az ev\u00e9szavarok \u00f6sszef\u00fcgg\u00e9st mutatnak az alacsony D\u00f6nt\u00e9shozatali (r=-0,30, p&lt;0,001) \u00e9s a magas Rend \u00e9s szervezetts\u00e9g (r=0,025, p=0,004) ig\u00e9nnyel. A tartalomelemz\u00e9s ez ut\u00f3bbit gyakoris\u00e1gi eloszl\u00e1sok \u00e9s line\u00e1ris regresszi\u00f3 alapj\u00e1n meger\u0151s\u00edtette, emellett a D\u00f6nt\u00e9sk\u00e9szs\u00e9g \u00e9s az ev\u00e9szavarok kapcsolat\u00e1nak \u00faj aspektus\u00e1ra is r\u00e1vil\u00e1g\u00edtott.<\/p>\n<p><strong>Kulcsszavak<\/strong>: ev\u00e9szavar, lez\u00e1r\u00e1s ir\u00e1nti ig\u00e9ny, tartalomelemz\u00e9s, anorexia, bulimia<\/p>\n<p>[hr\/]<\/p>\n<h3>English abstract<\/h3>\n<p><strong>&#8222;Contr-ana&#8221; \u2013 An investigation of need for closure in users of web pages promoting eating disorders <\/strong><br \/>\n<em>Szilvia Kresznerits<\/em>, <em>Mariann Fedor<\/em>, Szeged University, Department of Psychology<\/p>\n<p>The spread of eating disorders (ED) promoting websites (pro-ana and  pro-mia) raises two questions 1) What are the dangers of these sites? 2) How do they help the deeper understanding of ED? Tchanturia et al (2004) discovered cognitive control disorder in ED. The present study considers typical symptoms of anorexia and bulimia nervosa in relation to the dimension of need for cognitive closure. We analyzed the contents of 368 blog entries (NED = 5, NWL = 2).  ED and Weight Loss forum users (NED = 27, NWL = 30) and normal control group (N = 29) completed the Need for Closure Scale and the modified BITE and ANIS questionnaires. The survey showed negative correlation between ED and Decision making (r = -0.30, p <0.001), and positive correlation between ED and Order and organization (r = 0.025, p = 0.004). The content analysis confirmed the latter, based on frequencies and linear regression, and highlighted new aspects of the relationship between ED and Decision making. Disclosure of specific information processing methods can help elaborate more effective therapies, and provide new information about the background of ED.\n\n<strong>Key words<\/strong>: eating disorders, pro-ana and pro-mia websites, need for closure<\/p>\n<p><\/p>\n<p><a href=\"http:\/\/www.impulzus-pszichologia.hu\/?page_id=1675\" title=\"2014 szeptember\">&laquo; Vissza a tartalomjegyz\u00e9khez<\/a><\/p>\n","protected":false},"excerpt":{"rendered":"<p>Kresznerits Szilvia1, Fedor Mariann2 1SZTE-BTK Pszichol\u00f3gia Int\u00e9zet 2SZTE BTK Pszichol\u00f3gia Int\u00e9zet Az ev\u00e9szavarokat (ED) n\u00e9pszer\u0171s\u00edt\u0151 pro-ana \u00e9s pro-mia weboldalak terjed\u00e9se k\u00e9t k\u00e9rd\u00e9st vet fel: 1.Milyen vesz\u00e9lyeket jelentenek ezek az oldalak? 2. A jelens\u00e9g tanulm\u00e1nyoz\u00e1sa mik\u00e9nt seg\u00edtheti az ev\u00e9szavarok m\u00e9lyebb meg\u00e9rt\u00e9s\u00e9t? Tchanturia \u00e9s munkat\u00e1rsai (2004) az ev\u00e9szavarokn\u00e1l megjelen\u0151 viselked\u00e9sform\u00e1kn\u00e1l a kognit\u00edv kontroll zavar\u00e1t mutatt\u00e1k ki. Ez [&hellip;]<\/p>\n","protected":false},"author":1,"featured_media":0,"parent":1675,"menu_order":0,"comment_status":"closed","ping_status":"closed","template":"template_fullwidth.php","meta":{"footnotes":""},"_links":{"self":[{"href":"https:\/\/impulzus-pszichologia.hu\/index.php?rest_route=\/wp\/v2\/pages\/1679"}],"collection":[{"href":"https:\/\/impulzus-pszichologia.hu\/index.php?rest_route=\/wp\/v2\/pages"}],"about":[{"href":"https:\/\/impulzus-pszichologia.hu\/index.php?rest_route=\/wp\/v2\/types\/page"}],"author":[{"embeddable":true,"href":"https:\/\/impulzus-pszichologia.hu\/index.php?rest_route=\/wp\/v2\/users\/1"}],"replies":[{"embeddable":true,"href":"https:\/\/impulzus-pszichologia.hu\/index.php?rest_route=%2Fwp%2Fv2%2Fcomments&post=1679"}],"version-history":[{"count":11,"href":"https:\/\/impulzus-pszichologia.hu\/index.php?rest_route=\/wp\/v2\/pages\/1679\/revisions"}],"predecessor-version":[{"id":2185,"href":"https:\/\/impulzus-pszichologia.hu\/index.php?rest_route=\/wp\/v2\/pages\/1679\/revisions\/2185"}],"up":[{"embeddable":true,"href":"https:\/\/impulzus-pszichologia.hu\/index.php?rest_route=\/wp\/v2\/pages\/1675"}],"wp:attachment":[{"href":"https:\/\/impulzus-pszichologia.hu\/index.php?rest_route=%2Fwp%2Fv2%2Fmedia&parent=1679"}],"curies":[{"name":"wp","href":"https:\/\/api.w.org\/{rel}","templated":true}]}}