{"id":1702,"date":"2014-09-29T12:28:56","date_gmt":"2014-09-29T12:28:56","guid":{"rendered":"http:\/\/www.pszich.u-szeged.hu\/impulzus\/?page_id=1702"},"modified":"2014-10-02T07:45:17","modified_gmt":"2014-10-02T07:45:17","slug":"szerkesztoi-eloszo","status":"publish","type":"page","link":"https:\/\/impulzus-pszichologia.hu\/?page_id=1702","title":{"rendered":"Kolofon \u00e9s szerkeszt\u0151i el\u0151sz\u00f3"},"content":{"rendered":"<p><a href=\"http:\/\/www.impulzus-pszichologia.hu\/wp-content\/uploads\/2014\/09\/1-colophon.pdf\"><img decoding=\"async\" class=\"alignright size-full wp-image-1684\" src=\"http:\/\/www.impulzus-pszichologia.hu\/wp-content\/uploads\/2014\/09\/pdf-icon.png\" alt=\"pdf-icon\" width=\"80\" srcset=\"https:\/\/impulzus-pszichologia.hu\/wp-content\/uploads\/2014\/09\/pdf-icon.png 256w, https:\/\/impulzus-pszichologia.hu\/wp-content\/uploads\/2014\/09\/pdf-icon-150x150.png 150w\" sizes=\"(max-width: 256px) 100vw, 256px\" \/><\/a><br \/>\n<strong>Szokolszky \u00c1gnes<\/strong>, SZTE-BTK Pszichol\u00f3gia Int\u00e9zet<\/p>\n<p>A szerkeszt\u0151i el\u0151sz\u00f3 olvashat\u00f3 a let\u00f6lthet\u0151 Pdf f\u00e1jlban.<\/p>\n<p><a href=\"http:\/\/www.impulzus-pszichologia.hu\/?page_id=1675\" title=\"2014 szeptember\">&laquo; Vissza a tartalomjegyz\u00e9khez<\/a><\/p>\n","protected":false},"excerpt":{"rendered":"<p>Szokolszky \u00c1gnes, SZTE-BTK Pszichol\u00f3gia Int\u00e9zet A szerkeszt\u0151i el\u0151sz\u00f3 olvashat\u00f3 a let\u00f6lthet\u0151 Pdf f\u00e1jlban. &laquo; Vissza a tartalomjegyz\u00e9khez<\/p>\n","protected":false},"author":1,"featured_media":0,"parent":1675,"menu_order":0,"comment_status":"closed","ping_status":"closed","template":"template_fullwidth.php","meta":{"footnotes":""},"_links":{"self":[{"href":"https:\/\/impulzus-pszichologia.hu\/index.php?rest_route=\/wp\/v2\/pages\/1702"}],"collection":[{"href":"https:\/\/impulzus-pszichologia.hu\/index.php?rest_route=\/wp\/v2\/pages"}],"about":[{"href":"https:\/\/impulzus-pszichologia.hu\/index.php?rest_route=\/wp\/v2\/types\/page"}],"author":[{"embeddable":true,"href":"https:\/\/impulzus-pszichologia.hu\/index.php?rest_route=\/wp\/v2\/users\/1"}],"replies":[{"embeddable":true,"href":"https:\/\/impulzus-pszichologia.hu\/index.php?rest_route=%2Fwp%2Fv2%2Fcomments&post=1702"}],"version-history":[{"count":3,"href":"https:\/\/impulzus-pszichologia.hu\/index.php?rest_route=\/wp\/v2\/pages\/1702\/revisions"}],"predecessor-version":[{"id":1770,"href":"https:\/\/impulzus-pszichologia.hu\/index.php?rest_route=\/wp\/v2\/pages\/1702\/revisions\/1770"}],"up":[{"embeddable":true,"href":"https:\/\/impulzus-pszichologia.hu\/index.php?rest_route=\/wp\/v2\/pages\/1675"}],"wp:attachment":[{"href":"https:\/\/impulzus-pszichologia.hu\/index.php?rest_route=%2Fwp%2Fv2%2Fmedia&parent=1702"}],"curies":[{"name":"wp","href":"https:\/\/api.w.org\/{rel}","templated":true}]}}