{"id":1704,"date":"2014-09-29T12:31:20","date_gmt":"2014-09-29T12:31:20","guid":{"rendered":"http:\/\/www.pszich.u-szeged.hu\/impulzus\/?page_id=1704"},"modified":"2014-10-01T15:50:46","modified_gmt":"2014-10-01T15:50:46","slug":"az-eletmodvaltas-testkepre-gyakorolt-hatasanak-nyomon-koveteses-vizsgalata-a-narrativ-pszichologia-tukreben","status":"publish","type":"page","link":"https:\/\/impulzus-pszichologia.hu\/?page_id=1704","title":{"rendered":"Az \u00e9letm\u00f3dv\u00e1lt\u00e1s testk\u00e9pre gyakorolt hat\u00e1s\u00e1nak nyomon k\u00f6vet\u00e9ses vizsg\u00e1lata a narrat\u00edv pszichol\u00f3gia t\u00fckr\u00e9ben"},"content":{"rendered":"<p><a href=\"http:\/\/www.impulzus-pszichologia.hu\/wp-content\/uploads\/2014\/09\/3-eletmodvaltas.pdf\"><img decoding=\"async\" class=\"alignright size-full wp-image-1684\" src=\"http:\/\/www.impulzus-pszichologia.hu\/wp-content\/uploads\/2014\/09\/pdf-icon.png\" alt=\"pdf-icon\" width=\"80\" srcset=\"https:\/\/impulzus-pszichologia.hu\/wp-content\/uploads\/2014\/09\/pdf-icon.png 256w, https:\/\/impulzus-pszichologia.hu\/wp-content\/uploads\/2014\/09\/pdf-icon-150x150.png 150w\" sizes=\"(max-width: 256px) 100vw, 256px\" \/><\/a><br \/>\n<strong>Zilahi T\u00edmea<\/strong>, P\u00e9csi Tudom\u00e1nyegyetem Pszichol\u00f3giai Int\u00e9zet<\/p>\n<p>Az obesitas a WHO szerint napjaink egyik legkomolyabb eg\u00e9szs\u00e9g\u00fcgyi probl\u00e9m\u00e1ja, melynek gyakoris\u00e1ga egyre jobban n\u0151 a nyugati \u00e9s fejlett orsz\u00e1gokban. Mennyire hat\u00e1sosak hossz\u00fa t\u00e1von az elh\u00edz\u00e1s kezel\u00e9s\u00e9re szolg\u00e1l\u00f3 intervenci\u00f3k? Kutat\u00e1somban egy, az optim\u00e1lis tests\u00faly kialak\u00edt\u00e1s\u00e1t szolg\u00e1l\u00f3 \u00e9letm\u00f3dv\u00e1lt\u00f3 program hat\u00e9konys\u00e1g\u00e1t vizsg\u00e1ltam. Narrat\u00edv tartalomelemz\u00e9ssel a r\u00e9sztvev\u0151k (N=17) \u00e1genci\u00e1j\u00e1nak v\u00e1ltoz\u00e1s\u00e1t \u00edr\u00e1sos besz\u00e1mol\u00f3ikon k\u00f6vettem nyomon. A program ut\u00e1n aktu\u00e1lis \u00e1llapotukra vonatkoz\u00f3an a Testi Attit\u0171d\u00f6k Tesztj\u00e9vel (BAT) saj\u00e1t test\u00fckh\u00f6z val\u00f3 viszonyul\u00e1sukr\u00f3l nyertem b\u0151vebb inform\u00e1ci\u00f3t. A 70 napos program tart\u00f3ss\u00e1g\u00e1t vizsg\u00e1lva \u00f6sszehasonl\u00edtottam a 0. napon, 70. napon \u00e9s a program befejezte ut\u00e1n minimum 8. h\u00f3napban m\u00e9rt tests\u00falyokat. A program befejezt\u00e9vel az \u00e1gencia lecs\u00f6kkent, a besz\u00e1mol\u00f3k az akt\u00edv-passz\u00edv dimenzi\u00f3ja a passz\u00edv fel\u00e9 tol\u00f3dtak el; az intencionalit\u00e1s-k\u00e9nyszer dimenzi\u00f3ban nem t\u00f6rt\u00e9nt v\u00e1ltoz\u00e1s, a negat\u00edv \u00e9rt\u00e9kel\u00e9sek ar\u00e1nya lecs\u00f6kkent. A r\u00e9sztvev\u0151k t\u00f6bbs\u00e9ge nem tudta megtartani a programmal el\u00e9rt tests\u00faly\u00e1t, ennek ellen\u00e9re a leadott kil\u00f3inak fel\u00e9n\u00e9l nem halmozott fel t\u00f6bb s\u00falyfelesleget. A Testi Attit\u0171d\u00f6k Tesztj\u00e9ben el\u00e9rt \u00e1tlagpontsz\u00e1mok (\u00e1tlag=42,26; sz\u00f3r\u00e1s=13,06) k\u00f3ros \u00e9rt\u00e9keket jelen\u00edtettek meg. Val\u00f3sz\u00edn\u0171leg \u00f6nmag\u00e1ban sem a tests\u00falyveszt\u00e9s, sem az ennek k\u00f6vetkezt\u00e9ben megjelen\u0151 pozit\u00edv testorient\u00e1ci\u00f3j\u00fa pszichol\u00f3giai v\u00e1ltoz\u00e1sok nem lesznek j\u00f3 \u00e9s pontos prediktorai a testk\u00e9ppel val\u00f3 el\u00e9gedetts\u00e9gnek a k\u00e9s\u0151bbiekre n\u00e9zve.<\/p>\n<p><strong>Kulcsszavak<\/strong>: testk\u00e9p; obesitas; narrat\u00edv tartalomelemz\u00e9s; \u00e1gencia; Transzteoretikus Modell; PARS<\/p>\n<p>[hr\/]<\/p>\n<h3>English abstract<\/h3>\n<p><strong>A follow-up examination of the effects of lifestyle changes on body image, in the light of narrative psychology<\/strong><br \/>\n<em>T\u00edmea Zilahi<\/em>, P\u00e9cs University, Department of Psychology<\/p>\n<p>According to the World Health Organization obesity is one of the most serious and at the same time the most denied medical disasters of our days, the frequency of which is rapidly increasing in the western and developed countries. How effective are the interventions which are meant to treat obesity in the long run? I studied the efficiency of a complex lifestyle changing programme which aims at establishing optimum weight. I traced the participants\u2019 (N=17) change of conscious agency via narrative content analysis, based on their written accounts. After completing the programme, I gained detailed information concerning their actual condition and their attitudes towards their own bodies by means of the Body Attitude Test (BAT). Examining the longetivity of the effects, I compared body weights before and after the programme, as well the actual weights. After completing the programme, the activity-passivity dimension of the personal accounts shifted towards the passive side. No change could be observed in the intentionality-constraint dimension, but the ratio of the negative evaluation decreased. The majority of the participants could not keep the weight they achieved during the programme, nevertheless they did not gain more extra weight than half of their kilos lost. The average scores in their Body Attitude Tests (Mean=42,26; SD=13,06) showed pathological values. Presumably, neither weightloss alone, nor the positive body-oriented psychological changes, which appear as a consequence, will become adequate and precise predictors of satisfaction with body image for the future. <\/p>\n<p><strong>Key words<\/strong>: body image; obesity; narrative psychology; agency; Transtheoretic Model<\/p>\n<p>&nbsp;<\/p>\n<p><a title=\"2014 szeptember\" href=\"http:\/\/www.impulzus-pszichologia.hu\/?page_id=1675\">\u00ab Vissza a tartalomjegyz\u00e9khez<\/a><\/p>\n","protected":false},"excerpt":{"rendered":"<p>Zilahi T\u00edmea, P\u00e9csi Tudom\u00e1nyegyetem Pszichol\u00f3giai Int\u00e9zet Az obesitas a WHO szerint napjaink egyik legkomolyabb eg\u00e9szs\u00e9g\u00fcgyi probl\u00e9m\u00e1ja, melynek gyakoris\u00e1ga egyre jobban n\u0151 a nyugati \u00e9s fejlett orsz\u00e1gokban. Mennyire hat\u00e1sosak hossz\u00fa t\u00e1von az elh\u00edz\u00e1s kezel\u00e9s\u00e9re szolg\u00e1l\u00f3 intervenci\u00f3k? Kutat\u00e1somban egy, az optim\u00e1lis tests\u00faly kialak\u00edt\u00e1s\u00e1t szolg\u00e1l\u00f3 \u00e9letm\u00f3dv\u00e1lt\u00f3 program hat\u00e9konys\u00e1g\u00e1t vizsg\u00e1ltam. Narrat\u00edv tartalomelemz\u00e9ssel a r\u00e9sztvev\u0151k (N=17) \u00e1genci\u00e1j\u00e1nak v\u00e1ltoz\u00e1s\u00e1t \u00edr\u00e1sos besz\u00e1mol\u00f3ikon [&hellip;]<\/p>\n","protected":false},"author":1,"featured_media":0,"parent":1675,"menu_order":0,"comment_status":"closed","ping_status":"closed","template":"template_fullwidth.php","meta":{"footnotes":""},"_links":{"self":[{"href":"https:\/\/impulzus-pszichologia.hu\/index.php?rest_route=\/wp\/v2\/pages\/1704"}],"collection":[{"href":"https:\/\/impulzus-pszichologia.hu\/index.php?rest_route=\/wp\/v2\/pages"}],"about":[{"href":"https:\/\/impulzus-pszichologia.hu\/index.php?rest_route=\/wp\/v2\/types\/page"}],"author":[{"embeddable":true,"href":"https:\/\/impulzus-pszichologia.hu\/index.php?rest_route=\/wp\/v2\/users\/1"}],"replies":[{"embeddable":true,"href":"https:\/\/impulzus-pszichologia.hu\/index.php?rest_route=%2Fwp%2Fv2%2Fcomments&post=1704"}],"version-history":[{"count":11,"href":"https:\/\/impulzus-pszichologia.hu\/index.php?rest_route=\/wp\/v2\/pages\/1704\/revisions"}],"predecessor-version":[{"id":1757,"href":"https:\/\/impulzus-pszichologia.hu\/index.php?rest_route=\/wp\/v2\/pages\/1704\/revisions\/1757"}],"up":[{"embeddable":true,"href":"https:\/\/impulzus-pszichologia.hu\/index.php?rest_route=\/wp\/v2\/pages\/1675"}],"wp:attachment":[{"href":"https:\/\/impulzus-pszichologia.hu\/index.php?rest_route=%2Fwp%2Fv2%2Fmedia&parent=1704"}],"curies":[{"name":"wp","href":"https:\/\/api.w.org\/{rel}","templated":true}]}}