{"id":1791,"date":"2015-09-14T16:23:25","date_gmt":"2015-09-14T16:23:25","guid":{"rendered":"http:\/\/www.pszich.u-szeged.hu\/impulzus\/?page_id=1791"},"modified":"2015-10-17T14:58:13","modified_gmt":"2015-10-17T14:58:13","slug":"2015-szeptember","status":"publish","type":"page","link":"https:\/\/impulzus-pszichologia.hu\/?page_id=1791","title":{"rendered":"2015 szeptember"},"content":{"rendered":"<p><img decoding=\"async\" class=\"alignleft size-full wp-image-1676\" src=\"http:\/\/www.impulzus-pszichologia.hu\/wp-content\/uploads\/2015\/09\/impulzus-vol2-cover-600.png\" alt=\"impulzus-vol2-cover\" width=\"250\" \/><\/p>\n<p>SZEGEDI PSZICHOL\u00d3GIAI TANULM\u00c1NYOK<br \/>\nDI\u00c1KSZERZ\u0150K PUBLIK\u00c1CI\u00d3S F\u00d3RUMA<br \/>\n2. \u00c9VFOLYAM, 1. SZ\u00c1M<br \/>\n2015 SZEPTEMBER<\/p>\n<h2>Tartalomjegyz\u00e9k<\/h2>\n<ul>\n<li><a href=\"http:\/\/www.impulzus-pszichologia.hu\/?page_id=1796\">Kolofon \u00e9s el\u0151sz\u00f3<\/a><\/li>\n<\/ul>\n<h3>Tanulm\u00e1nyok<\/h3>\n<ul>\n<li><a href=\"http:\/\/www.impulzus-pszichologia.hu\/?page_id=1815\">A fot\u00f3olvas\u00e1s mint el\u0151fesz\u00edt\u00e9si jelens\u00e9g vizsg\u00e1lata<\/a><br \/>\n<em>Szal\u00f3ki Szilvia<\/em>, <em>Szegedi-Hallgat\u00f3 Emese<\/em>, SZTE BTK Pszichol\u00f3giai Int\u00e9zet<\/li>\n<li><a href=\"http:\/\/www.impulzus-pszichologia.hu\/?page_id=1818\">A tudatos jelenl\u00e9t hat\u00e1sa az implicit szekvenciatanul\u00e1sra<\/a><br \/>\n<em>Holczer Adrienn<\/em>, <em>Kilencz T\u00fcnde<\/em>, SZTE BTK Pszichol\u00f3giai Int\u00e9zet<\/li>\n<li><a href=\"http:\/\/www.impulzus-pszichologia.hu\/?page_id=1822\">Sakkoz\u00f3 \u00e9s nem sakkoz\u00f3 gyerekek kognit\u00edv funkci\u00f3inak \u00f6sszehasonl\u00edt\u00e1sa<\/a><br \/>\n<em>Kajzinger R\u00f3bert<\/em>, <em>Nagy Marianna<\/em>, <em>Garaj Zsuzsanna<\/em>, SZTE BTK, Pszichol\u00f3gia Int\u00e9zet<\/li>\n<li><a href=\"http:\/\/www.impulzus-pszichologia.hu\/?page_id=1826\">A ketamin hat\u00e1sa a ter\u00e1piarezisztens major depresszi\u00f3ra<\/a><br \/>\n<em>Peszeki Nikolett<\/em>, SZTE BTK, Pszichol\u00f3giai Int\u00e9zet<\/li>\n<li><a href=\"http:\/\/www.impulzus-pszichologia.hu\/?page_id=1828\">A humorst\u00edlusok hasonl\u00f3s\u00e1ga a bar\u00e1ti p\u00e1rok k\u00f6z\u00f6tt, a bar\u00e1ts\u00e1ggal val\u00f3 el\u00e9gedetts\u00e9g t\u00fckr\u00e9ben \u00e9s a k\u00fcl\u00f6nb\u00f6z\u0151 humorst\u00edlusok megjelen\u00e9se a Facebookon<\/a><br \/>\n<em>\u00c1gota Zita<\/em>, PPKE BTK Pszichol\u00f3giai Int\u00e9zet<\/li>\n<li><a href=\"http:\/\/www.impulzus-pszichologia.hu\/?page_id=1830\">A rekl\u00e1mokba val\u00f3 bevon\u00f3d\u00e1s hat\u00e1sa a n\u0151i testk\u00e9pre \u00e9s \u00f6n\u00e9rt\u00e9kel\u00e9sre<\/a><br \/>\n<em>Balogh R\u00e9ka<\/em>, <em>Bedekovics Norbert<\/em>, <em>Imre N\u00f3ra<\/em>, <em>Peszeki Nikolett<\/em>, <em>Scharle Csilla R\u00e9ka<\/em>, SZTE BTK Pszichol\u00f3giai Int\u00e9zet<\/li>\n<li><a href=\"http:\/\/www.impulzus-pszichologia.hu\/?page_id=1832\">A von\u00e1sszint\u0171 altruizmus evol\u00faci\u00f3s hagyat\u00e9ka \u2013 seg\u00edts\u00e9gny\u00fajt\u00e1s az emp\u00e1ti\u00e1s \u00e9rzelemdetekt\u00e1l\u00e1s \u00e9s az averz\u00edv szem\u00e9lyis\u00e9gjegyek t\u00fckr\u00e9ben<\/a><br \/>\n<em>T\u00f3th Tici\u00e1na Enik\u0151<\/em>, <em>P\u00e9ter-Szab\u00f3 Osszi\u00e1n<\/em>, <em>T\u00f3th \u00c1d\u00e1m<\/em>, SZTE BTK Pszichol\u00f3giai Int\u00e9zet<\/li>\n<\/ul>\n<h3>M\u00f3dszertan rovat<\/h3>\n<ul>\n<li><a href=\"http:\/\/www.impulzus-pszichologia.hu\/?page_id=1836\">LCD \u00e9s CRT k\u00e9pmegjelen\u00edt\u0151k a vizu\u00e1lis kutat\u00e1sban<\/a><br \/>\n<em>Csibri P\u00e9ter<\/em>, <em>S\u00e1ry Gyula<\/em>, SZTE -\u00c1OK, \u00c9lettani int\u00e9zet, Szegedi Tudom\u00e1nyegyetem<\/li>\n<\/ul>\n","protected":false},"excerpt":{"rendered":"<p>SZEGEDI PSZICHOL\u00d3GIAI TANULM\u00c1NYOK DI\u00c1KSZERZ\u0150K PUBLIK\u00c1CI\u00d3S F\u00d3RUMA 2. \u00c9VFOLYAM, 1. SZ\u00c1M 2015 SZEPTEMBER Tartalomjegyz\u00e9k Kolofon \u00e9s el\u0151sz\u00f3 Tanulm\u00e1nyok A fot\u00f3olvas\u00e1s mint el\u0151fesz\u00edt\u00e9si jelens\u00e9g vizsg\u00e1lata Szal\u00f3ki Szilvia, Szegedi-Hallgat\u00f3 Emese, SZTE BTK Pszichol\u00f3giai Int\u00e9zet A tudatos jelenl\u00e9t hat\u00e1sa az implicit szekvenciatanul\u00e1sra Holczer Adrienn, Kilencz T\u00fcnde, SZTE BTK Pszichol\u00f3giai Int\u00e9zet Sakkoz\u00f3 \u00e9s nem sakkoz\u00f3 gyerekek kognit\u00edv funkci\u00f3inak \u00f6sszehasonl\u00edt\u00e1sa Kajzinger [&hellip;]<\/p>\n","protected":false},"author":1,"featured_media":0,"parent":1378,"menu_order":0,"comment_status":"closed","ping_status":"closed","template":"template_fullwidth.php","meta":{"footnotes":""},"_links":{"self":[{"href":"https:\/\/impulzus-pszichologia.hu\/index.php?rest_route=\/wp\/v2\/pages\/1791"}],"collection":[{"href":"https:\/\/impulzus-pszichologia.hu\/index.php?rest_route=\/wp\/v2\/pages"}],"about":[{"href":"https:\/\/impulzus-pszichologia.hu\/index.php?rest_route=\/wp\/v2\/types\/page"}],"author":[{"embeddable":true,"href":"https:\/\/impulzus-pszichologia.hu\/index.php?rest_route=\/wp\/v2\/users\/1"}],"replies":[{"embeddable":true,"href":"https:\/\/impulzus-pszichologia.hu\/index.php?rest_route=%2Fwp%2Fv2%2Fcomments&post=1791"}],"version-history":[{"count":9,"href":"https:\/\/impulzus-pszichologia.hu\/index.php?rest_route=\/wp\/v2\/pages\/1791\/revisions"}],"predecessor-version":[{"id":1842,"href":"https:\/\/impulzus-pszichologia.hu\/index.php?rest_route=\/wp\/v2\/pages\/1791\/revisions\/1842"}],"up":[{"embeddable":true,"href":"https:\/\/impulzus-pszichologia.hu\/index.php?rest_route=\/wp\/v2\/pages\/1378"}],"wp:attachment":[{"href":"https:\/\/impulzus-pszichologia.hu\/index.php?rest_route=%2Fwp%2Fv2%2Fmedia&parent=1791"}],"curies":[{"name":"wp","href":"https:\/\/api.w.org\/{rel}","templated":true}]}}