{"id":1796,"date":"2015-09-14T16:53:13","date_gmt":"2015-09-14T16:53:13","guid":{"rendered":"http:\/\/www.pszich.u-szeged.hu\/impulzus\/?page_id=1796"},"modified":"2015-10-16T08:51:02","modified_gmt":"2015-10-16T08:51:02","slug":"kolofon","status":"publish","type":"page","link":"https:\/\/impulzus-pszichologia.hu\/?page_id=1796","title":{"rendered":"Kolofon \u00e9s szerkeszt\u0151i el\u0151sz\u00f3"},"content":{"rendered":"<p><a href=\"http:\/\/www.impulzus-pszichologia.hu\/wp-content\/uploads\/2015\/10\/1-colophon.pdf\"><img decoding=\"async\" class=\"alignright size-full wp-image-1684\" src=\"http:\/\/www.impulzus-pszichologia.hu\/wp-content\/uploads\/2014\/09\/pdf-icon.png\" alt=\"pdf-icon\" width=\"80\" srcset=\"https:\/\/impulzus-pszichologia.hu\/wp-content\/uploads\/2014\/09\/pdf-icon.png 256w, https:\/\/impulzus-pszichologia.hu\/wp-content\/uploads\/2014\/09\/pdf-icon-150x150.png 150w\" sizes=\"(max-width: 256px) 100vw, 256px\" \/><\/a><\/p>\n<p>A 2. \u00e9vfolyam 1. sz\u00e1m\u00e1nak kolfonja \u00e9s szerkeszt\u0151i el\u0151szava megtekinthet\u0151 a let\u00f6lthet\u0151 Pdf f\u00e1jlban.<\/p>\n<p><a href=\"http:\/\/www.impulzus-pszichologia.hu\/?page_id=1791\" title=\"2015 szeptember\">&laquo; Vissza a tartalomjegyz\u00e9khez<\/a><\/p>\n","protected":false},"excerpt":{"rendered":"<p>A 2. \u00e9vfolyam 1. sz\u00e1m\u00e1nak kolfonja \u00e9s szerkeszt\u0151i el\u0151szava megtekinthet\u0151 a let\u00f6lthet\u0151 Pdf f\u00e1jlban. &laquo; Vissza a tartalomjegyz\u00e9khez<\/p>\n","protected":false},"author":1,"featured_media":0,"parent":1791,"menu_order":0,"comment_status":"closed","ping_status":"closed","template":"template_fullwidth.php","meta":{"footnotes":""},"_links":{"self":[{"href":"https:\/\/impulzus-pszichologia.hu\/index.php?rest_route=\/wp\/v2\/pages\/1796"}],"collection":[{"href":"https:\/\/impulzus-pszichologia.hu\/index.php?rest_route=\/wp\/v2\/pages"}],"about":[{"href":"https:\/\/impulzus-pszichologia.hu\/index.php?rest_route=\/wp\/v2\/types\/page"}],"author":[{"embeddable":true,"href":"https:\/\/impulzus-pszichologia.hu\/index.php?rest_route=\/wp\/v2\/users\/1"}],"replies":[{"embeddable":true,"href":"https:\/\/impulzus-pszichologia.hu\/index.php?rest_route=%2Fwp%2Fv2%2Fcomments&post=1796"}],"version-history":[{"count":4,"href":"https:\/\/impulzus-pszichologia.hu\/index.php?rest_route=\/wp\/v2\/pages\/1796\/revisions"}],"predecessor-version":[{"id":1813,"href":"https:\/\/impulzus-pszichologia.hu\/index.php?rest_route=\/wp\/v2\/pages\/1796\/revisions\/1813"}],"up":[{"embeddable":true,"href":"https:\/\/impulzus-pszichologia.hu\/index.php?rest_route=\/wp\/v2\/pages\/1791"}],"wp:attachment":[{"href":"https:\/\/impulzus-pszichologia.hu\/index.php?rest_route=%2Fwp%2Fv2%2Fmedia&parent=1796"}],"curies":[{"name":"wp","href":"https:\/\/api.w.org\/{rel}","templated":true}]}}