{"id":1952,"date":"2018-11-23T08:59:40","date_gmt":"2018-11-23T08:59:40","guid":{"rendered":"http:\/\/www.pszich.u-szeged.hu\/impulzus\/?page_id=1952"},"modified":"2018-11-30T09:59:57","modified_gmt":"2018-11-30T09:59:57","slug":"2018-november","status":"publish","type":"page","link":"https:\/\/impulzus-pszichologia.hu\/?page_id=1952","title":{"rendered":"2018 november"},"content":{"rendered":"<p><img decoding=\"async\" class=\"alignleft size-full wp-image-1676\" src=\"http:\/\/www.impulzus-pszichologia.hu\/wp-content\/uploads\/2018\/11\/impulzus-vol5-cover_640.png\" alt=\"impulzus vol5\" width=\"250\" \/><\/p>\n<p>SZEGEDI PSZICHOL\u00d3GIAI TANULM\u00c1NYOK<br \/>\nDI\u00c1KSZERZ\u0150K PUBLIK\u00c1CI\u00d3S F\u00d3RUMA<br \/>\n5. \u00c9VFOLYAM, 1. SZ\u00c1M<br \/>\n2018 NOVEMBER<\/p>\n<h2>Tartalomjegyz\u00e9k<\/h2>\n<ul>\n<li><a href=\"http:\/\/www.impulzus-pszichologia.hu\/?page_id=1954\">A szingli n\u0151k romantikus k\u00f6t\u0151d\u00e9se, \u00f6n\u00e9rt\u00e9kel\u00e9se, \u00e9s \u00e9lettel val\u00f3 el\u00e9gedetts\u00e9ge<\/a><br \/>\n<em>T\u00f3th No\u00e9mi<\/em>, PPKE Pszichol\u00f3giai Int\u00e9zet<\/li>\n<li><a href=\"http:\/\/www.impulzus-pszichologia.hu\/?page_id=1968\">A sportszer\u0171s\u00e9g \u00e9s az agresszi\u00f3 kapcsolat\u00e1nak vizsg\u00e1lata k\u00e9zilabd\u00e1z\u00f3k k\u00f6r\u00e9ben<\/a><br \/>\n<em>Erdei D\u00f3ra<\/em>, Debreceni Egyetem B\u00f6lcs\u00e9szettudom\u00e1nyi Kar Pszichol\u00f3gia Int\u00e9zet<\/li>\n<li><a href=\"http:\/\/www.impulzus-pszichologia.hu\/?page_id=1970\">&#8222;Mindenhol j\u00f3, de legjobb az iskol\u00e1ban?\u201d A pedag\u00f3gusi el\u00e9gedetts\u00e9g k\u00f6rnyezetpszichol\u00f3giai vizsg\u00e1lata<\/a><br \/>\n<em>Csike Tekla<\/em>, PPKE BTK Pszichol\u00f3gia Int\u00e9zet<\/li>\n<li><a href=\"http:\/\/www.impulzus-pszichologia.hu\/?page_id=1972\">Az \u00e9rzelmek meg\u00e9rt\u00e9s\u00e9nek gyermekkori fejl\u0151d\u00e9se \u00e9s m\u00e9r\u00e9si lehet\u0151s\u00e9gei a tudatelm\u00e9let t\u00fckr\u00e9ben. Szakirodalmi \u00e1ttekint\u00e9s<\/a><br \/>\n<em>Borb\u00e1s Brigitta<\/em>, ELTE PPK Pszichol\u00f3giai Int\u00e9zet<\/li>\n<li><a href=\"http:\/\/www.impulzus-pszichologia.hu\/?page_id=1974\">Policiszt\u00e1s ov\u00e1rium szindr\u00f3m\u00e1val \u00e9l\u0151 n\u0151k reziliencia jellemz\u0151inek komplex rendszer szeml\u00e9let\u0171 vizsg\u00e1lata<\/a><br \/>\n<em>dr. Kov\u00e1cs Andrea<\/em>, SZTE BTK Pszichol\u00f3giai Int\u00e9zet<\/li>\n<li><a href=\"http:\/\/www.impulzus-pszichologia.hu\/?page_id=1976\">Traumatol\u00f3giai (arcs\u00e9r\u00fclt) betegek gy\u00f3gyul\u00e1s\u00e1t befoly\u00e1sol\u00f3 t\u00e1rsas t\u00e9nyez\u0151k az eg\u00e9szs\u00e9g\u00fcgyben. \u00c1ttekint\u0151 tanulm\u00e1ny<\/a><br \/>\n<em>Gurka \u00c9va M\u00e1ria<\/em>, SZTE BTK Nevel\u00e9studom\u00e1nyi Int\u00e9zet, KRE BTK Pszichol\u00f3giai Int\u00e9zet<\/li>\n<li><a href=\"http:\/\/www.impulzus-pszichologia.hu\/?page_id=1978 \">A magyars\u00e1g kollekt\u00edv \u00e1ldozati hiedelmei \u00e9s a szlov\u00e1kokhoz f\u0171z\u0151d\u0151 viszonya Magyarorsz\u00e1gon \u00e9s a Felvid\u00e9ken<\/a><br \/>\n<em>Kov\u00e1cs Katalin M\u00e1ria<\/em>, PPKE BTK Pszichol\u00f3gia Int\u00e9zet<\/li>\n<li><a href=\"http:\/\/www.impulzus-pszichologia.hu\/?page_id=1980\">Auditoros k\u00e9pess\u00e9gek verb\u00e1lis r\u00f6vid t\u00e1v\u00fa eml\u00e9kezetre gyakorolt hat\u00e1s\u00e1nak vizsg\u00e1lata zenem\u0171v\u00e9sz \u00e9s l\u00e1t\u00e1ss\u00e9r\u00fclt szem\u00e9lyek k\u00f6r\u00e9ben<\/a><br \/>\n<em>L\u00e9vai T\u00fcnde<\/em>, SZTE BTK Pszichol\u00f3giai Int\u00e9zet<\/li>\n<\/ul>\n","protected":false},"excerpt":{"rendered":"<p>SZEGEDI PSZICHOL\u00d3GIAI TANULM\u00c1NYOK DI\u00c1KSZERZ\u0150K PUBLIK\u00c1CI\u00d3S F\u00d3RUMA 5. \u00c9VFOLYAM, 1. SZ\u00c1M 2018 NOVEMBER Tartalomjegyz\u00e9k A szingli n\u0151k romantikus k\u00f6t\u0151d\u00e9se, \u00f6n\u00e9rt\u00e9kel\u00e9se, \u00e9s \u00e9lettel val\u00f3 el\u00e9gedetts\u00e9ge T\u00f3th No\u00e9mi, PPKE Pszichol\u00f3giai Int\u00e9zet A sportszer\u0171s\u00e9g \u00e9s az agresszi\u00f3 kapcsolat\u00e1nak vizsg\u00e1lata k\u00e9zilabd\u00e1z\u00f3k k\u00f6r\u00e9ben Erdei D\u00f3ra, Debreceni Egyetem B\u00f6lcs\u00e9szettudom\u00e1nyi Kar Pszichol\u00f3gia Int\u00e9zet &#8222;Mindenhol j\u00f3, de legjobb az iskol\u00e1ban?\u201d A pedag\u00f3gusi el\u00e9gedetts\u00e9g k\u00f6rnyezetpszichol\u00f3giai [&hellip;]<\/p>\n","protected":false},"author":1,"featured_media":0,"parent":1378,"menu_order":0,"comment_status":"closed","ping_status":"closed","template":"template_fullwidth.php","meta":{"footnotes":""},"_links":{"self":[{"href":"https:\/\/impulzus-pszichologia.hu\/index.php?rest_route=\/wp\/v2\/pages\/1952"}],"collection":[{"href":"https:\/\/impulzus-pszichologia.hu\/index.php?rest_route=\/wp\/v2\/pages"}],"about":[{"href":"https:\/\/impulzus-pszichologia.hu\/index.php?rest_route=\/wp\/v2\/types\/page"}],"author":[{"embeddable":true,"href":"https:\/\/impulzus-pszichologia.hu\/index.php?rest_route=\/wp\/v2\/users\/1"}],"replies":[{"embeddable":true,"href":"https:\/\/impulzus-pszichologia.hu\/index.php?rest_route=%2Fwp%2Fv2%2Fcomments&post=1952"}],"version-history":[{"count":7,"href":"https:\/\/impulzus-pszichologia.hu\/index.php?rest_route=\/wp\/v2\/pages\/1952\/revisions"}],"predecessor-version":[{"id":1990,"href":"https:\/\/impulzus-pszichologia.hu\/index.php?rest_route=\/wp\/v2\/pages\/1952\/revisions\/1990"}],"up":[{"embeddable":true,"href":"https:\/\/impulzus-pszichologia.hu\/index.php?rest_route=\/wp\/v2\/pages\/1378"}],"wp:attachment":[{"href":"https:\/\/impulzus-pszichologia.hu\/index.php?rest_route=%2Fwp%2Fv2%2Fmedia&parent=1952"}],"curies":[{"name":"wp","href":"https:\/\/api.w.org\/{rel}","templated":true}]}}