{"id":1968,"date":"2018-11-26T17:54:34","date_gmt":"2018-11-26T17:54:34","guid":{"rendered":"http:\/\/www.pszich.u-szeged.hu\/impulzus\/?page_id=1968"},"modified":"2018-11-26T17:54:34","modified_gmt":"2018-11-26T17:54:34","slug":"a-sportszeruseg-es-az-agresszio-kapcsolatanak-vizsgalata-kezilabdazok-koreben","status":"publish","type":"page","link":"https:\/\/impulzus-pszichologia.hu\/?page_id=1968","title":{"rendered":"A sportszer\u0171s\u00e9g \u00e9s az agresszi\u00f3 kapcsolat\u00e1nak vizsg\u00e1lata k\u00e9zilabd\u00e1z\u00f3k k\u00f6r\u00e9ben"},"content":{"rendered":"<p><a href=\"http:\/\/www.impulzus-pszichologia.hu\/wp-content\/uploads\/2018\/11\/2-erdei.pdf\"><img decoding=\"async\" class=\"alignright size-full wp-image-1684\" src=\"http:\/\/www.impulzus-pszichologia.hu\/wp-content\/uploads\/2014\/09\/pdf-icon.png\" alt=\"pdf-icon\" width=\"80\" srcset=\"https:\/\/impulzus-pszichologia.hu\/wp-content\/uploads\/2014\/09\/pdf-icon.png 256w, https:\/\/impulzus-pszichologia.hu\/wp-content\/uploads\/2014\/09\/pdf-icon-150x150.png 150w\" sizes=\"(max-width: 256px) 100vw, 256px\" \/><\/a><strong>Erdei D\u00f3ra<\/strong><br \/>\nDebreceni Egyetem B\u00f6lcs\u00e9szettudom\u00e1nyi Kar Pszichol\u00f3gia Int\u00e9zet<\/p>\n<p>A sportszer\u0171s\u00e9g \u00e9s az agresszi\u00f3 megker\u00fclhetetlen t\u00e9nyez\u0151k a sport vil\u00e1g\u00e1ban, emiatt ez a k\u00e9t jelens\u00e9g sokat kutatott ter\u00fclet a sportpszichol\u00f3gi\u00e1ban. A sporttudom\u00e1nyok fejl\u0151d\u00e9s\u00e9vel e k\u00e9t t\u00e9nyez\u0151 is nagy v\u00e1ltoz\u00e1son ment kereszt\u00fcl; az agressz\u00edv viselked\u00e9s napjainkra egyre gyakrabban, t\u00f6bb form\u00e1ban fordul el\u0151, m\u00edg a sportszer\u0171s\u00e9g fogalmi keretei kib\u0151v\u00fcltek. Vizsg\u00e1latom sor\u00e1n az Omran-f\u00e9le Sportszer\u0171 Attit\u0171d teszt (Omran, 2010) tartalomelemz\u00e9ssel kialak\u00edtott alsk\u00e1l\u00e1i \u00e9s a Buss-Perry-f\u00e9le Agresszi\u00f3 k\u00e9rd\u0151\u00edv (Buss \u00e9s Perry, 1992) seg\u00edts\u00e9g\u00e9vel m\u00e9rtem fel a 14 \u00e9s 37 \u00e9v k\u00f6z\u00f6tti k\u00e9zilabd\u00e1z\u00f3k (N=219) k\u00f6r\u00e9ben a sportszer\u0171s\u00e9g \u00e9s az agresszi\u00f3 alakul\u00e1s\u00e1t. A kit\u00f6lt\u0151k \u00e1tlag\u00e9letkora 22,81 (sz\u00f3r\u00e1s: 6,16). Eredm\u00e9nyeim alapj\u00e1n a sportszer\u0171s\u00e9g \u00e9s az agresszi\u00f3 egym\u00e1sra gyakorolt felt\u00e9telezett negat\u00edv hat\u00e1sa beigazol\u00f3dott. A nemek tekintet\u00e9ben egyes alsk\u00e1l\u00e1kon elt\u00e9r\u00e9st tal\u00e1ltam, azonban a csapatban bet\u00f6lt\u00f6tt posztok \u00e9s az \u00e9letkor tekintet\u00e9ben m\u00e1r \u00e1rnyaltabb k\u00e9pet kaptam, e t\u00e9nyez\u0151k tekintet\u00e9ben nem mutatkozott szignifik\u00e1ns \u00f6sszef\u00fcgg\u00e9s.<\/p>\n<p><strong>Kulcsszavak<\/strong>: sportpszichol\u00f3gia, alkalmazott sportpszichol\u00f3gia, k\u00e9zilabda, agresszi\u00f3, sportszer\u0171s\u00e9g<\/p>\n<p>[hr\/]<\/p>\n<h3>English abstract<\/h3>\n<p><strong>Observing the relationship between sportsmanship and aggression in terms of handball players<\/strong><\/p>\n<p>Sportsmanship and aggression can hardly be avoided or neglected in sport research, these are highly examined topics in sport psychology. Sportsmanship and aggression have gone through a significant change in the last decades: different forms of aggressive behaviour have become more and more frequent, while the definition of sportsmanship has widened. My research is based on subscales developed by content analysis of Omran\u2019s Sportsmanship Attitude Scale (Omran, 2010) and the Buss-Perry Aggression Questionnaire (Buss-Perry, 1992). Participants were handball players between age of 14 and 37 (N=219; M=22,81; s=6,16).  The study aimed at analizing occurrences of sportsmanship and aggression in several handball player positions (e.g. goalkeepers, left\/right winger, left\/right back, line player). Results supported the hypothesis that sportsmanship and aggression have a negative impact on each other. There was a difference on the level of subscales among different sexes, but results were not significant regarding the positions in the team or the age of the players.<\/p>\n<p><strong>Key words<\/strong>: sport psychology, applied sport psychology, handball, aggression, sportsmanship<\/p>\n<p><\/p>\n<p><a href=\"http:\/\/www.impulzus-pszichologia.hu\/?page_id=1952\" title=\"2018 november\">&laquo; Vissza a tartalomjegyz\u00e9khez<\/a><\/p>\n","protected":false},"excerpt":{"rendered":"<p>Erdei D\u00f3ra Debreceni Egyetem B\u00f6lcs\u00e9szettudom\u00e1nyi Kar Pszichol\u00f3gia Int\u00e9zet A sportszer\u0171s\u00e9g \u00e9s az agresszi\u00f3 megker\u00fclhetetlen t\u00e9nyez\u0151k a sport vil\u00e1g\u00e1ban, emiatt ez a k\u00e9t jelens\u00e9g sokat kutatott ter\u00fclet a sportpszichol\u00f3gi\u00e1ban. A sporttudom\u00e1nyok fejl\u0151d\u00e9s\u00e9vel e k\u00e9t t\u00e9nyez\u0151 is nagy v\u00e1ltoz\u00e1son ment kereszt\u00fcl; az agressz\u00edv viselked\u00e9s napjainkra egyre gyakrabban, t\u00f6bb form\u00e1ban fordul el\u0151, m\u00edg a sportszer\u0171s\u00e9g fogalmi keretei kib\u0151v\u00fcltek. [&hellip;]<\/p>\n","protected":false},"author":1,"featured_media":0,"parent":1952,"menu_order":0,"comment_status":"closed","ping_status":"closed","template":"template_fullwidth.php","meta":{"footnotes":""},"_links":{"self":[{"href":"https:\/\/impulzus-pszichologia.hu\/index.php?rest_route=\/wp\/v2\/pages\/1968"}],"collection":[{"href":"https:\/\/impulzus-pszichologia.hu\/index.php?rest_route=\/wp\/v2\/pages"}],"about":[{"href":"https:\/\/impulzus-pszichologia.hu\/index.php?rest_route=\/wp\/v2\/types\/page"}],"author":[{"embeddable":true,"href":"https:\/\/impulzus-pszichologia.hu\/index.php?rest_route=\/wp\/v2\/users\/1"}],"replies":[{"embeddable":true,"href":"https:\/\/impulzus-pszichologia.hu\/index.php?rest_route=%2Fwp%2Fv2%2Fcomments&post=1968"}],"version-history":[{"count":1,"href":"https:\/\/impulzus-pszichologia.hu\/index.php?rest_route=\/wp\/v2\/pages\/1968\/revisions"}],"predecessor-version":[{"id":1969,"href":"https:\/\/impulzus-pszichologia.hu\/index.php?rest_route=\/wp\/v2\/pages\/1968\/revisions\/1969"}],"up":[{"embeddable":true,"href":"https:\/\/impulzus-pszichologia.hu\/index.php?rest_route=\/wp\/v2\/pages\/1952"}],"wp:attachment":[{"href":"https:\/\/impulzus-pszichologia.hu\/index.php?rest_route=%2Fwp%2Fv2%2Fmedia&parent=1968"}],"curies":[{"name":"wp","href":"https:\/\/api.w.org\/{rel}","templated":true}]}}