{"id":2015,"date":"2020-11-24T10:23:24","date_gmt":"2020-11-24T10:23:24","guid":{"rendered":"http:\/\/www.pszich.u-szeged.hu\/impulzus\/?page_id=2015"},"modified":"2020-11-24T10:26:16","modified_gmt":"2020-11-24T10:26:16","slug":"a-tulsulyos-szemelyekkel-szembeni-explicit-es-implicit-attitudok-a-rendellenes-etkezesi-mintazatok-tukreben","status":"publish","type":"page","link":"https:\/\/impulzus-pszichologia.hu\/?page_id=2015","title":{"rendered":"A t\u00fals\u00falyos szem\u00e9lyekkel szembeni explicit \u00e9s implicit attit\u0171d\u00f6k a rendellenes \u00e9tkez\u00e9si mint\u00e1zatok t\u00fckr\u00e9ben"},"content":{"rendered":"<p><a href=\"http:\/\/www.impulzus-pszichologia.hu\/wp-content\/uploads\/2020\/11\/2-erdesz.pdf\"><img decoding=\"async\" class=\"alignright size-full wp-image-1684\" src=\"http:\/\/www.impulzus-pszichologia.hu\/wp-content\/uploads\/2014\/09\/pdf-icon.png\" alt=\"pdf-icon\" width=\"80\" srcset=\"https:\/\/impulzus-pszichologia.hu\/wp-content\/uploads\/2014\/09\/pdf-icon.png 256w, https:\/\/impulzus-pszichologia.hu\/wp-content\/uploads\/2014\/09\/pdf-icon-150x150.png 150w\" sizes=\"(max-width: 256px) 100vw, 256px\" \/><\/a><strong>Erd\u00e9sz Anett<\/strong><br \/>\nELTE Pedag\u00f3giai \u00e9s Pszichol\u00f3giai Kar, Pszichol\u00f3giai Int\u00e9zet<\/p>\n<p>Vizsg\u00e1latunk c\u00e9lja, hogy r\u00e1vil\u00e1g\u00edtson a t\u00fals\u00falyos szem\u00e9lyekkel szembeni implicit, valamint explicit attit\u0171d\u00f6k felt\u00e9telezett k\u00fcl\u00f6nb\u00f6z\u0151s\u00e9g\u00e9re, figyelembe v\u00e9ve a rendellenes \u00e9tkez\u00e9ses viselked\u00e9st. Az explicit el\u0151\u00edt\u00e9letek vizsg\u00e1lata sor\u00e1n f\u00f3kuszba ker\u00fcltek tov\u00e1bb\u00e1 a nemi, valamint \u00e9letkori k\u00fcl\u00f6nbs\u00e9gek. Vizsg\u00e1lati eszk\u00f6zk\u00e9nt az implicit attit\u0171d\u00f6k felm\u00e9r\u00e9s\u00e9re a Szemantikus Szelekci\u00f3s Tesztet alkalmaztuk, mely az egyes jelent\u00e9sek kapcsolat\u00e1t vizsg\u00e1l\u00f3 f\u00e9lprojekt\u00edv m\u00e9r\u0151elj\u00e1r\u00e1s. Az explicit attit\u0171d\u00f6k felt\u00e9rk\u00e9pez\u00e9s\u00e9re szolg\u00e1lt az Attitudes Toward Obese Persons (ATOP) sk\u00e1la. Az \u00e9tkez\u00e9si rendelleness\u00e9gekkel kapcsolatos viselked\u00e9ses von\u00e1sokat pedig az Eating Disorders Examination Questionnaire (EDE-Q) k\u00e9rd\u0151\u00edvvel m\u00e9rt\u00fck fel. Hozz\u00e1f\u00e9r\u00e9s alap\u00fa mintav\u00e9telt alkalmazva \u00f6sszesen 62 f\u0151 (40 f\u00e9rfi, 22 n\u0151) adatait r\u00f6gz\u00edtett\u00fck. Eredm\u00e9nyeink al\u00e1t\u00e1masztott\u00e1k azon felt\u00e9telez\u00e9s\u00fcnket, miszerint a t\u00fals\u00fallyal szembeni implicit, illetve explicit attit\u0171d\u00f6k k\u00f6z\u00f6tt nem \u00e1ll fenn sz\u00e1mottev\u0151 kapcsolat, ezek egym\u00e1st\u00f3l f\u00fcggetlen konstruktumok. A rendellenes \u00e9tkez\u00e9ses mint\u00e1zatok jelenl\u00e9te nem befoly\u00e1solta szignifik\u00e1nsan sem az implicit, sem az explicit negat\u00edv attit\u0171d\u00f6k er\u0151ss\u00e9g\u00e9t. Igazol\u00e1st nyert tov\u00e1bb\u00e1 hipot\u00e9zis\u00fcnk, miszerint a n\u0151k k\u00f6r\u00e9ben er\u0151teljesebben jelenik meg a rendellenes \u00e9tkez\u00e9ses viselked\u00e9s, valamint hogy a korosabb szem\u00e9lyek kev\u00e9sb\u00e9 negat\u00edv explicit viszonyul\u00e1st fejeznek ki a t\u00fals\u00falyosokkal szemben.<\/p>\n<p><strong>Kulcsszavak<\/strong>: stigma, explicit attit\u0171d, implicit attit\u0171d, rendellenes \u00e9tkez\u00e9ses mint\u00e1zatok, Semantic Selection Test (SST), Attitudes Toward Obese Persons (ATOP), Eating Disorders Examination Questionnaire (EDE-Q)<\/p>\n<p>[hr\/]<\/p>\n<h3>English abstract<\/h3>\n<p><strong>Explicit and implicit attitudes towards obese individuals in the light of disordered eating patterns<\/strong><\/p>\n<p>The aim of the study is to reveal the supposed differences between explicit and implicit attitudes towards obese individuals, taking disordered eating patterns into considertion. In examining explicit bias we also focused on sex and age differences. To measure impliticit attitudes we used the Semantic Selectivity Test, a half-projective instrument, which examines connections between meanings. The Attitudes Toward Obese Persons (ATOP) scale was used to explore explicit attitudes. The behaviour traits of eating disorders were measured by the Eating Disorders Examination Questionnaire (EDE-Q). By convenience sampling 62 participants were included (40 male, 22 female). The results confirmed our hypothesis that there is no significant correlation between implicit and explicit attitudes towards obesity therefore they are  independent contructs. The presence of disordered eating patterns had no significant effect on the extent of implicit and explicit attitudes. The hypotheses that the presence of disordered eating patterns is more robust in women and that elderly people have less negative explicit attitudes towards obesity, were supported.<\/p>\n<p><strong>Keywords<\/strong>: stigma, explicit attitudes, implicit attitudes, disordered eating patterns, SST, ATOP, EDE-Q<\/p>\n<p><\/p>\n<p><a href=\"http:\/\/www.impulzus-pszichologia.hu\/?page_id=1999\" title=\"2020 november\">&laquo; Vissza a tartalomjegyz\u00e9khez<\/a><\/p>\n","protected":false},"excerpt":{"rendered":"<p>Erd\u00e9sz Anett ELTE Pedag\u00f3giai \u00e9s Pszichol\u00f3giai Kar, Pszichol\u00f3giai Int\u00e9zet Vizsg\u00e1latunk c\u00e9lja, hogy r\u00e1vil\u00e1g\u00edtson a t\u00fals\u00falyos szem\u00e9lyekkel szembeni implicit, valamint explicit attit\u0171d\u00f6k felt\u00e9telezett k\u00fcl\u00f6nb\u00f6z\u0151s\u00e9g\u00e9re, figyelembe v\u00e9ve a rendellenes \u00e9tkez\u00e9ses viselked\u00e9st. Az explicit el\u0151\u00edt\u00e9letek vizsg\u00e1lata sor\u00e1n f\u00f3kuszba ker\u00fcltek tov\u00e1bb\u00e1 a nemi, valamint \u00e9letkori k\u00fcl\u00f6nbs\u00e9gek. Vizsg\u00e1lati eszk\u00f6zk\u00e9nt az implicit attit\u0171d\u00f6k felm\u00e9r\u00e9s\u00e9re a Szemantikus Szelekci\u00f3s Tesztet alkalmaztuk, mely az [&hellip;]<\/p>\n","protected":false},"author":1,"featured_media":0,"parent":1999,"menu_order":0,"comment_status":"closed","ping_status":"closed","template":"template_fullwidth.php","meta":{"footnotes":""},"_links":{"self":[{"href":"https:\/\/impulzus-pszichologia.hu\/index.php?rest_route=\/wp\/v2\/pages\/2015"}],"collection":[{"href":"https:\/\/impulzus-pszichologia.hu\/index.php?rest_route=\/wp\/v2\/pages"}],"about":[{"href":"https:\/\/impulzus-pszichologia.hu\/index.php?rest_route=\/wp\/v2\/types\/page"}],"author":[{"embeddable":true,"href":"https:\/\/impulzus-pszichologia.hu\/index.php?rest_route=\/wp\/v2\/users\/1"}],"replies":[{"embeddable":true,"href":"https:\/\/impulzus-pszichologia.hu\/index.php?rest_route=%2Fwp%2Fv2%2Fcomments&post=2015"}],"version-history":[{"count":2,"href":"https:\/\/impulzus-pszichologia.hu\/index.php?rest_route=\/wp\/v2\/pages\/2015\/revisions"}],"predecessor-version":[{"id":2017,"href":"https:\/\/impulzus-pszichologia.hu\/index.php?rest_route=\/wp\/v2\/pages\/2015\/revisions\/2017"}],"up":[{"embeddable":true,"href":"https:\/\/impulzus-pszichologia.hu\/index.php?rest_route=\/wp\/v2\/pages\/1999"}],"wp:attachment":[{"href":"https:\/\/impulzus-pszichologia.hu\/index.php?rest_route=%2Fwp%2Fv2%2Fmedia&parent=2015"}],"curies":[{"name":"wp","href":"https:\/\/api.w.org\/{rel}","templated":true}]}}