{"id":2064,"date":"2021-12-22T16:46:09","date_gmt":"2021-12-22T16:46:09","guid":{"rendered":"http:\/\/www.pszich.u-szeged.hu\/impulzus\/?page_id=2064"},"modified":"2021-12-22T18:25:13","modified_gmt":"2021-12-22T18:25:13","slug":"otven-ev-a-magyar-pszichologiai-szemle-tortenetebol","status":"publish","type":"page","link":"https:\/\/impulzus-pszichologia.hu\/?page_id=2064","title":{"rendered":"\u00d6tven \u00e9v a Magyar Pszichol\u00f3giai Szemle t\u00f6rt\u00e9net\u00e9b\u0151l"},"content":{"rendered":"<p><a href=\"http:\/\/www.impulzus-pszichologia.hu\/wp-content\/uploads\/2021\/12\/2-balla.pdf\"><img decoding=\"async\" class=\"alignright size-full wp-image-1684\" src=\"http:\/\/www.impulzus-pszichologia.hu\/wp-content\/uploads\/2014\/09\/pdf-icon.png\" alt=\"pdf-icon\" width=\"80\" srcset=\"https:\/\/impulzus-pszichologia.hu\/wp-content\/uploads\/2014\/09\/pdf-icon.png 256w, https:\/\/impulzus-pszichologia.hu\/wp-content\/uploads\/2014\/09\/pdf-icon-150x150.png 150w\" sizes=\"(max-width: 256px) 100vw, 256px\" \/><\/a><strong>Balla Gy\u00f6rgyi<\/strong><br \/>\nSZTE Pszichol\u00f3giai Int\u00e9zet<\/p>\n<p>A szakmai nyilv\u00e1noss\u00e1g szerep\u00e9t sok\u00e1ig els\u0151sorban a Magyar Pszichol\u00f3giai Szemle k\u00e9pviselte Magyarorsz\u00e1gon. Dolgozatomban a Magyar Pszichol\u00f3giai Szemle, egyben a lapot kiad\u00f3 Magyar Pszichol\u00f3giai T\u00e1rsas\u00e1g t\u00f6rt\u00e9net\u00e9t tekintem \u00e1t 1928-t\u00f3l, a lap megalakul\u00e1s\u00e1t\u00f3l az 1970-es \u00e9vek v\u00e9g\u00e9ig. Megvizsg\u00e1lom, mi volt a Szemle szerepe a magyarorsz\u00e1gi pszichol\u00f3gia t\u00f6rt\u00e9net\u00e9ben. Ehhez a t\u00e1rsadalmi \u00e9s a politikai viszonyok \u00f6sszef\u00fcgg\u00e9seit is megmutatom. Az esem\u00e9nyt\u00f6rt\u00e9netet a szakirodalom mellett a Szemle cikkeire t\u00e1maszkodva v\u00e1zolom fel, m\u00edg a pszichol\u00f3giai kutat\u00e1sokban v\u00e9gbement v\u00e1ltoz\u00e1sokat a megjelent cikkek kvantitat\u00edv elemz\u00e9s\u00e9vel t\u00e1rom fel. Felv\u00e1zolom, hogy a szakmai nyilv\u00e1noss\u00e1g sz\u00ednter\u00e9t biztos\u00edt\u00f3 Magyar Pszichol\u00f3giai Szeml\u00e9ben megjelent munk\u00e1k mit \u00e1rulnak el a magyar pszichol\u00f3gia t\u00f6rt\u00e9net\u00e9r\u0151l 1928 \u00e9s 1947, az indul\u00e1s \u00e9s a betilt\u00e1s \u00e9vei k\u00f6z\u00f6tt, \u00e9s hogyan alakult a foly\u00f3irat t\u00f6rt\u00e9nete az \u00fajraint\u00e9zm\u00e9nyes\u00fcl\u00e9s id\u0151szak\u00e1ban, 1960-t\u00f3l az 1970-es \u00e9vekig v\u00e9g\u00e9ig.<\/p>\n<p><strong>Kulcsszavak<\/strong>: Magyar Pszichol\u00f3giai Szemle, Magyar Pszichol\u00f3giai T\u00e1rsas\u00e1g, pszichol\u00f3giat\u00f6rt\u00e9net, magyar pszichol\u00f3gia, magyar pszichol\u00f3gia t\u00f6rt\u00e9nete<\/p>\n<p>[hr\/]<\/p>\n<h3>English abstract<\/h3>\n<p><strong>Fifty years of history of the Hungarian Psychological Review<\/strong><\/p>\n<p>Professional publicity in psychology was presented in Hungary exclusively by the Hungarian Psychological Review, for long decades. In this paper I review the history of this journal, along with that of the Hungarian Psychological Association, the organization that was publishing the journal. I examine what role the journal played in the history of psychology in Hungary, including the broader context of social and political factors. Outlining the history is mostly based on the analysis of articles published in the Review. I also explore changes that were taking place in psychological research by analyzing developments that could be quantified in the materials.  The first part of the historical survey starts in 1928, in the year when the journal was established, and ends in 1947, when it was indexed by the communist authorities. The second part focuses on the period of \u201ereinstitutionalization\u201d between 1960 and 1978, when the journal was reestablished. <\/p>\n<p><strong>Keywords<\/strong>: Hungarian Psychological Review, history of psychology, Hungarian psychology, institutionalization, reinstitutionalization <\/p>\n<p><\/p>\n<p><a href=\"http:\/\/www.impulzus-pszichologia.hu\/?page_id=2045\" title=\"2021 december\">&laquo; Vissza a tartalomjegyz\u00e9khez<\/a><\/p>\n","protected":false},"excerpt":{"rendered":"<p>Balla Gy\u00f6rgyi SZTE Pszichol\u00f3giai Int\u00e9zet A szakmai nyilv\u00e1noss\u00e1g szerep\u00e9t sok\u00e1ig els\u0151sorban a Magyar Pszichol\u00f3giai Szemle k\u00e9pviselte Magyarorsz\u00e1gon. Dolgozatomban a Magyar Pszichol\u00f3giai Szemle, egyben a lapot kiad\u00f3 Magyar Pszichol\u00f3giai T\u00e1rsas\u00e1g t\u00f6rt\u00e9net\u00e9t tekintem \u00e1t 1928-t\u00f3l, a lap megalakul\u00e1s\u00e1t\u00f3l az 1970-es \u00e9vek v\u00e9g\u00e9ig. Megvizsg\u00e1lom, mi volt a Szemle szerepe a magyarorsz\u00e1gi pszichol\u00f3gia t\u00f6rt\u00e9net\u00e9ben. Ehhez a t\u00e1rsadalmi \u00e9s a [&hellip;]<\/p>\n","protected":false},"author":1,"featured_media":0,"parent":2045,"menu_order":0,"comment_status":"closed","ping_status":"closed","template":"template_fullwidth.php","meta":{"footnotes":""},"_links":{"self":[{"href":"https:\/\/impulzus-pszichologia.hu\/index.php?rest_route=\/wp\/v2\/pages\/2064"}],"collection":[{"href":"https:\/\/impulzus-pszichologia.hu\/index.php?rest_route=\/wp\/v2\/pages"}],"about":[{"href":"https:\/\/impulzus-pszichologia.hu\/index.php?rest_route=\/wp\/v2\/types\/page"}],"author":[{"embeddable":true,"href":"https:\/\/impulzus-pszichologia.hu\/index.php?rest_route=\/wp\/v2\/users\/1"}],"replies":[{"embeddable":true,"href":"https:\/\/impulzus-pszichologia.hu\/index.php?rest_route=%2Fwp%2Fv2%2Fcomments&post=2064"}],"version-history":[{"count":2,"href":"https:\/\/impulzus-pszichologia.hu\/index.php?rest_route=\/wp\/v2\/pages\/2064\/revisions"}],"predecessor-version":[{"id":2089,"href":"https:\/\/impulzus-pszichologia.hu\/index.php?rest_route=\/wp\/v2\/pages\/2064\/revisions\/2089"}],"up":[{"embeddable":true,"href":"https:\/\/impulzus-pszichologia.hu\/index.php?rest_route=\/wp\/v2\/pages\/2045"}],"wp:attachment":[{"href":"https:\/\/impulzus-pszichologia.hu\/index.php?rest_route=%2Fwp%2Fv2%2Fmedia&parent=2064"}],"curies":[{"name":"wp","href":"https:\/\/api.w.org\/{rel}","templated":true}]}}