{"id":2076,"date":"2021-12-22T17:02:55","date_gmt":"2021-12-22T17:02:55","guid":{"rendered":"http:\/\/www.pszich.u-szeged.hu\/impulzus\/?page_id=2076"},"modified":"2021-12-22T17:04:12","modified_gmt":"2021-12-22T17:04:12","slug":"kapcsolatom-dienes-valeriaval-interju-ranschburg-agnes-hildegarddal","status":"publish","type":"page","link":"https:\/\/impulzus-pszichologia.hu\/?page_id=2076","title":{"rendered":"Kapcsolatom Dienes Val\u00e9ri\u00e1val. Interj\u00fa Ranschburg \u00c1gnes Hildegarddal"},"content":{"rendered":"<p><a href=\"http:\/\/www.impulzus-pszichologia.hu\/wp-content\/uploads\/2021\/12\/6-rah-interju.pdf\"><img decoding=\"async\" class=\"alignright size-full wp-image-1684\" src=\"http:\/\/www.impulzus-pszichologia.hu\/wp-content\/uploads\/2014\/09\/pdf-icon.png\" alt=\"pdf-icon\" width=\"80\" srcset=\"https:\/\/impulzus-pszichologia.hu\/wp-content\/uploads\/2014\/09\/pdf-icon.png 256w, https:\/\/impulzus-pszichologia.hu\/wp-content\/uploads\/2014\/09\/pdf-icon-150x150.png 150w\" sizes=\"(max-width: 256px) 100vw, 256px\" \/><\/a><strong>Szokolszky \u00c1gnes<\/strong><br \/>\nSZTE Pszichol\u00f3giai Int\u00e9zet<\/p>\n<p>Ranschburg \u00c1gnes Hildegard pszichol\u00f3gus, Ranschburg P\u00e1l unok\u00e1ja. 1962-ben nagyapj\u00e1r\u00f3l \u00edrt OKTV I. d\u00edjas kis monogr\u00e1fi\u00e1j\u00e1val ker\u00fclt be az ELTE pszichol\u00f3gia szak\u00e1ra. A klinikai alapk\u00e9pz\u00e9s gyakorlat\u00e1t Weiss M\u00e1ria, Schnell J\u00e1nos, Polcz Alaine \u00e9s M\u00e9rei Ferenc vezet\u00e9s\u00e9vel saj\u00e1t\u00edtotta el. P\u00e1ly\u00e1ja elej\u00e9n \u00e1llami gondozott gyermekek sz\u00e1m\u00e1ra iskola-dr\u00e1ma j\u00e1t\u00e9kot alak\u00edtott ki. Feh\u00e9r J\u00f3zsef Andr\u00e1ssal k\u00f6z\u00f6sen dolgozt\u00e1k ki Jung pszichol\u00f3gi\u00e1j\u00e1ra \u00e9p\u00edt\u0151, kreat\u00edv szem\u00e9lyis\u00e9gfejleszt\u0151 m\u00f3dszer\u00fcket, \u00e9s l\u00e9trehozt\u00e1k sz \u00c9LETFA Jungi\u00e1nus Egyes\u00fcletet \u00e9s az  \u00c9letfa Jungi\u00e1nus Alkot\u00f3-iskola Alap\u00edtv\u00e1nyt. Ezt az Unesco Nevel\u00e9si Bizotts\u00e1g keret\u00e9ben m\u00e1ss\u00e1g-tolerancia modell\u00e9 fejlesztett\u00e9k tov\u00e1bb. 1993-ban (Hildegard n\u00e9ven) bel\u00e9pett a Magyar Benc\u00e9s Kongreg\u00e1ci\u00f3 vil\u00e1gi rendtagjainak Obl\u00e1tusk\u00f6z\u00f6ss\u00e9g\u00e9be, ett\u0151l kezdve Pannonhalm\u00e1n \u00e9l. Munk\u00e1j\u00e1t tanul\u00e1s-m\u00f3dszertani \u00e9s vall\u00e1sl\u00e9lektani ir\u00e1nyban folytatta. F\u0151 kutat\u00e1si ter\u00fclete nagyapja, Ranschburg P\u00e1l \u00e9let\u00fatj\u00e1nak szakma-\u00e9s csal\u00e1dt\u00f6rt\u00e9neti felt\u00e1r\u00e1sa.<br \/>\nAz itt k\u00f6z\u00f6lt interj\u00fa alapj\u00e1t az adja, hogy Ranschburg \u00c1gnes Hildegard k\u00f6zeli bar\u00e1ti viszonyt \u00e1polt Dienes Val\u00e9ri\u00e1val, \u00edgy visszaeml\u00e9kez\u00e9se egy tov\u00e1bbi n\u00e9z\u0151ponttal gazdag\u00edtja a Dienes Val\u00e9ri\u00e1r\u00f3l alkotott k\u00e9p\u00fcnket.<\/p>\n<p>[hr\/]<\/p>\n<h3>English abstract<\/h3>\n<p><strong>My connection with Val\u00e9ria Dienes. Interview with \u00c1gnes Hildegard Ranschburg<\/strong><\/p>\n<p>\u00c1gnes Hildegard Ranschburg is a psychologist, the grand daughter of the famous Hungarian psychologist P\u00e1l Ranschburg. In 1962 she was accepted in the psychology program of ELTE (Budapest) University by her paper written on her grandfather. She got her clinical education and training from M\u00e1ria Weiss, J\u00e1nos Schnell, Alaine Polcz \u00e9s Ferenc M\u00e9rei. In her early carreer she worked with children living in state care and invented drama play for them. Later on she worked out an original program for personality development with her husband, J\u00f3zsef Andr\u00e1s Feh\u00e9r. They also founded the \u201eLife Tree\u201d Jungian Creative School Association that was further developed into a tolerance training model for the UNESCO Education Committee. Since 1993 she lives in Pannonhalma as member of the \u201eOblatus\u201d community of the Benedictine Congregation. Her major interest is also the work of her grandfather and related family history. The basis for the current interview is her close connection with Val\u00e9ria Dienes in the 1970\u2019s and 1980\u2019s.  Her remembering of Dienes adds to the existing literature yet another viewpoint.  <\/p>\n<p><\/p>\n<p><a href=\"http:\/\/www.impulzus-pszichologia.hu\/?page_id=2045\" title=\"2021 december\">&laquo; Vissza a tartalomjegyz\u00e9khez<\/a><\/p>\n","protected":false},"excerpt":{"rendered":"<p>Szokolszky \u00c1gnes SZTE Pszichol\u00f3giai Int\u00e9zet Ranschburg \u00c1gnes Hildegard pszichol\u00f3gus, Ranschburg P\u00e1l unok\u00e1ja. 1962-ben nagyapj\u00e1r\u00f3l \u00edrt OKTV I. d\u00edjas kis monogr\u00e1fi\u00e1j\u00e1val ker\u00fclt be az ELTE pszichol\u00f3gia szak\u00e1ra. A klinikai alapk\u00e9pz\u00e9s gyakorlat\u00e1t Weiss M\u00e1ria, Schnell J\u00e1nos, Polcz Alaine \u00e9s M\u00e9rei Ferenc vezet\u00e9s\u00e9vel saj\u00e1t\u00edtotta el. P\u00e1ly\u00e1ja elej\u00e9n \u00e1llami gondozott gyermekek sz\u00e1m\u00e1ra iskola-dr\u00e1ma j\u00e1t\u00e9kot alak\u00edtott ki. Feh\u00e9r J\u00f3zsef Andr\u00e1ssal [&hellip;]<\/p>\n","protected":false},"author":1,"featured_media":0,"parent":2045,"menu_order":0,"comment_status":"closed","ping_status":"closed","template":"template_fullwidth.php","meta":{"footnotes":""},"_links":{"self":[{"href":"https:\/\/impulzus-pszichologia.hu\/index.php?rest_route=\/wp\/v2\/pages\/2076"}],"collection":[{"href":"https:\/\/impulzus-pszichologia.hu\/index.php?rest_route=\/wp\/v2\/pages"}],"about":[{"href":"https:\/\/impulzus-pszichologia.hu\/index.php?rest_route=\/wp\/v2\/types\/page"}],"author":[{"embeddable":true,"href":"https:\/\/impulzus-pszichologia.hu\/index.php?rest_route=\/wp\/v2\/users\/1"}],"replies":[{"embeddable":true,"href":"https:\/\/impulzus-pszichologia.hu\/index.php?rest_route=%2Fwp%2Fv2%2Fcomments&post=2076"}],"version-history":[{"count":1,"href":"https:\/\/impulzus-pszichologia.hu\/index.php?rest_route=\/wp\/v2\/pages\/2076\/revisions"}],"predecessor-version":[{"id":2077,"href":"https:\/\/impulzus-pszichologia.hu\/index.php?rest_route=\/wp\/v2\/pages\/2076\/revisions\/2077"}],"up":[{"embeddable":true,"href":"https:\/\/impulzus-pszichologia.hu\/index.php?rest_route=\/wp\/v2\/pages\/2045"}],"wp:attachment":[{"href":"https:\/\/impulzus-pszichologia.hu\/index.php?rest_route=%2Fwp%2Fv2%2Fmedia&parent=2076"}],"curies":[{"name":"wp","href":"https:\/\/api.w.org\/{rel}","templated":true}]}}