{"id":2095,"date":"2022-12-21T08:21:45","date_gmt":"2022-12-21T08:21:45","guid":{"rendered":"http:\/\/www.pszich.u-szeged.hu\/impulzus\/?page_id=2095"},"modified":"2022-12-23T08:59:34","modified_gmt":"2022-12-23T08:59:34","slug":"2022-december","status":"publish","type":"page","link":"https:\/\/impulzus-pszichologia.hu\/?page_id=2095","title":{"rendered":"2022 december"},"content":{"rendered":"\n<figure class=\"wp-block-image alignleft size-large is-resized\"><a href=\"http:\/\/www.impulzus-pszichologia.hu\/wp-content\/uploads\/2022\/12\/impulzus-vol9-cover.jpg\"><img decoding=\"async\" src=\"http:\/\/www.impulzus-pszichologia.hu\/wp-content\/uploads\/2022\/12\/impulzus-vol9-cover-724x1024.jpg\" alt=\"\" class=\"wp-image-2098\" width=\"250\" srcset=\"https:\/\/impulzus-pszichologia.hu\/wp-content\/uploads\/2022\/12\/impulzus-vol9-cover-724x1024.jpg 724w, https:\/\/impulzus-pszichologia.hu\/wp-content\/uploads\/2022\/12\/impulzus-vol9-cover-212x300.jpg 212w, https:\/\/impulzus-pszichologia.hu\/wp-content\/uploads\/2022\/12\/impulzus-vol9-cover-768x1087.jpg 768w, https:\/\/impulzus-pszichologia.hu\/wp-content\/uploads\/2022\/12\/impulzus-vol9-cover.jpg 800w\" sizes=\"(max-width: 724px) 100vw, 724px\" \/><\/a><\/figure>\n\n\n\n<p>SZEGEDI PSZICHOL\u00d3GIAI TANULM\u00c1NYOK<br>DI\u00c1KSZERZ\u0150K PUBLIK\u00c1CI\u00d3S F\u00d3RUMA<br>9. \u00c9VFOLYAM, 1. SZ\u00c1M<br>2022 DECEMBER<\/p>\n\n\n\n<h2 class=\"wp-block-heading\">Tartalomjegyz\u00e9k<\/h2>\n\n\n\n<ul>\n<li><a href=\"http:\/\/www.impulzus-pszichologia.hu\/wp-content\/uploads\/2022\/12\/1-colophon.pdf\">Kolofon<\/a><\/li>\n<\/ul>\n\n\n\n<h3 class=\"wp-block-heading\">Empirikus tanulm\u00e1nyok<\/h3>\n\n\n\n<ul>\n<li><a href=\"http:\/\/www.impulzus-pszichologia.hu\/?page_id=2100\" data-type=\"page\" data-id=\"2100\">K\u00f6rnyezettudatos cselekedetek motiv\u00e1ci\u00f3i magyar di\u00e1kok k\u00f6r\u00e9ben<\/a><br><em>Szab\u00f3 Zolt\u00e1n \u00c1bel, Krist\u00f3f Hanna Em\u00edlia, \u00c1goston Csilla<\/em><\/li>\n\n\n\n<li><a href=\"http:\/\/www.impulzus-pszichologia.hu\/?page_id=2109\" data-type=\"page\" data-id=\"2109\">A munkahelyi pszichoterror alakul\u00e1sa az eg\u00e9szs\u00e9g\u00fcgyben a Covid-19 j\u00e1rv\u00e1ny alatt<\/a><br><em>So\u00f3s Adri\u00e1n Rich\u00e1rd, Czibor Andrea<\/em><\/li>\n\n\n\n<li><a href=\"http:\/\/www.impulzus-pszichologia.hu\/?page_id=2127\" data-type=\"page\" data-id=\"2127\">Az \u00e9szlelt agresszi\u00f3 nemi k\u00fcl\u00f6nbs\u00e9gei<\/a><br><em>Kov\u00e1cs Fanni Merc\u00e9desz<\/em><\/li>\n\n\n\n<li><a href=\"http:\/\/www.impulzus-pszichologia.hu\/?page_id=2130\" data-type=\"page\" data-id=\"2130\">A zenetanul\u00e1s szocio-emocion\u00e1lis transzferhat\u00e1sai tanul\u00e1si zavarral k\u00fczd\u0151 di\u00e1kok k\u00f6r\u00e9ben<\/a><br><em>Kiss Fl\u00f3ra, Olajos T\u00edmea<\/em><\/li>\n\n\n\n<li><a href=\"http:\/\/www.impulzus-pszichologia.hu\/?page_id=2132\" data-type=\"page\" data-id=\"2132\">A probl\u00e9m\u00e1s k\u00f6z\u00f6ss\u00e9gim\u00e9dia-haszn\u00e1lat \u00e9s a ment\u00e1lis eg\u00e9szs\u00e9g kapcsolata magyar kamaszok k\u00f6r\u00e9ben<\/a><br><em>Szab\u00f3 Barbara, Koncz Patrik, Kir\u00e1ly Orsolya, Koronczai Beatrix, Paksi Borb\u00e1la, Demetrovics Zsolt<\/em><\/li>\n\n\n\n<li><a href=\"http:\/\/www.impulzus-pszichologia.hu\/?page_id=2134\" data-type=\"page\" data-id=\"2134\">Egyetemi hallgat\u00f3k ki\u00e9g\u00e9s\u00e9nek vizsg\u00e1lata a K\u00f6vetelm\u00e9ny-Er\u0151forr\u00e1s Modell seg\u00edts\u00e9g\u00e9vel<\/a><br><em>T\u00f3th Enik\u0151, Jagodics Bal\u00e1zs<\/em><\/li>\n\n\n\n<li><a href=\"http:\/\/www.impulzus-pszichologia.hu\/?page_id=2136\" data-type=\"page\" data-id=\"2136\">Reziliencia a sz\u00fcl\u0151i b\u00e1n\u00e1sm\u00f3d t\u00fckr\u00e9ben<\/a><br><em>Gergely Aletta<\/em><\/li>\n\n\n\n<li><a href=\"http:\/\/www.impulzus-pszichologia.hu\/?page_id=2139\" data-type=\"page\" data-id=\"2139\">A rugalmas munkav\u00e9gz\u00e9s hat\u00e1sai a munkav\u00e1llal\u00f3 munkahely\u00e9hez \u00e9s munkat\u00e1rsaihoz val\u00f3 viszony\u00e1ban<\/a><br><em>Karas L\u00edvia<\/em><\/li>\n<\/ul>\n\n\n\n<h3 class=\"wp-block-heading\">\u00c1ttekint\u0151 tanulm\u00e1nyok<\/h3>\n\n\n\n<ul>\n<li><a href=\"http:\/\/www.impulzus-pszichologia.hu\/?page_id=2143\" data-type=\"page\" data-id=\"2143\">Gyerekkori \u00e1llatb\u00e1ntalmaz\u00e1s: Mi \u00e1ll a jelens\u00e9g h\u00e1tter\u00e9ben, milyen kapcsolatban \u00e1ll az interperszon\u00e1lis agresszi\u00f3val \u00e9s a ment\u00e1lis eg\u00e9szs\u00e9ggel?<\/a><br><em>Vass Em\u00edlia Anna<\/em><\/li>\n\n\n\n<li><a href=\"http:\/\/www.impulzus-pszichologia.hu\/?page_id=2145\" data-type=\"page\" data-id=\"2145\">A flow, mint a zenei teljes\u00edtm\u00e9nyszorong\u00e1s protekt\u00edv faktora<\/a><br><em>Hajd\u00fa Vir\u00e1g, Bandi Szabolcs Ajtony<\/em><\/li>\n<\/ul>\n\n\n\n<h3 class=\"wp-block-heading\">Essz\u00e9k<\/h3>\n\n\n\n<ul>\n<li><a href=\"http:\/\/www.impulzus-pszichologia.hu\/?page_id=2147\" data-type=\"page\" data-id=\"2147\">Az anyas\u00e1g m\u00edtosza. Pszichoanalitikus \u201ehozom\u00e1nyok\u201d<\/a><br><em>Rottler Lili<\/em><\/li>\n\n\n\n<li><a href=\"http:\/\/www.impulzus-pszichologia.hu\/?page_id=2149\" data-type=\"page\" data-id=\"2149\">A \u201elogosz pszichol\u00f3gia\u201d\u00fatja \u00e9s kiteljesed\u00e9se Viktor Frankl logoter\u00e1pi\u00e1j\u00e1ban<\/a><br><em>Szab\u00f3 Zsanett<\/em><\/li>\n<\/ul>\n","protected":false},"excerpt":{"rendered":"<p>SZEGEDI PSZICHOL\u00d3GIAI TANULM\u00c1NYOKDI\u00c1KSZERZ\u0150K PUBLIK\u00c1CI\u00d3S F\u00d3RUMA9. \u00c9VFOLYAM, 1. SZ\u00c1M2022 DECEMBER Tartalomjegyz\u00e9k Empirikus tanulm\u00e1nyok \u00c1ttekint\u0151 tanulm\u00e1nyok Essz\u00e9k<\/p>\n","protected":false},"author":1,"featured_media":0,"parent":1378,"menu_order":0,"comment_status":"closed","ping_status":"closed","template":"","meta":{"footnotes":""},"_links":{"self":[{"href":"https:\/\/impulzus-pszichologia.hu\/index.php?rest_route=\/wp\/v2\/pages\/2095"}],"collection":[{"href":"https:\/\/impulzus-pszichologia.hu\/index.php?rest_route=\/wp\/v2\/pages"}],"about":[{"href":"https:\/\/impulzus-pszichologia.hu\/index.php?rest_route=\/wp\/v2\/types\/page"}],"author":[{"embeddable":true,"href":"https:\/\/impulzus-pszichologia.hu\/index.php?rest_route=\/wp\/v2\/users\/1"}],"replies":[{"embeddable":true,"href":"https:\/\/impulzus-pszichologia.hu\/index.php?rest_route=%2Fwp%2Fv2%2Fcomments&post=2095"}],"version-history":[{"count":6,"href":"https:\/\/impulzus-pszichologia.hu\/index.php?rest_route=\/wp\/v2\/pages\/2095\/revisions"}],"predecessor-version":[{"id":2152,"href":"https:\/\/impulzus-pszichologia.hu\/index.php?rest_route=\/wp\/v2\/pages\/2095\/revisions\/2152"}],"up":[{"embeddable":true,"href":"https:\/\/impulzus-pszichologia.hu\/index.php?rest_route=\/wp\/v2\/pages\/1378"}],"wp:attachment":[{"href":"https:\/\/impulzus-pszichologia.hu\/index.php?rest_route=%2Fwp%2Fv2%2Fmedia&parent=2095"}],"curies":[{"name":"wp","href":"https:\/\/api.w.org\/{rel}","templated":true}]}}