{"id":2147,"date":"2022-12-22T09:51:06","date_gmt":"2022-12-22T09:51:06","guid":{"rendered":"http:\/\/www.pszich.u-szeged.hu\/impulzus\/?page_id=2147"},"modified":"2022-12-22T09:51:06","modified_gmt":"2022-12-22T09:51:06","slug":"az-anyasag-mitosza-pszichoanalitikus-hozomanyok","status":"publish","type":"page","link":"https:\/\/impulzus-pszichologia.hu\/?page_id=2147","title":{"rendered":"Az anyas\u00e1g m\u00edtosza. Pszichoanalitikus \u201ehozom\u00e1nyok\u201d"},"content":{"rendered":"\n<p><a href=\"http:\/\/www.impulzus-pszichologia.hu\/wp-content\/uploads\/2022\/12\/12-rottler.pdf\"><img decoding=\"async\" class=\"alignright size-full wp-image-1684\" src=\"http:\/\/www.impulzus-pszichologia.hu\/wp-content\/uploads\/2014\/09\/pdf-icon.png\" alt=\"pdf-icon\" width=\"80\" srcset=\"https:\/\/impulzus-pszichologia.hu\/wp-content\/uploads\/2014\/09\/pdf-icon.png 256w, https:\/\/impulzus-pszichologia.hu\/wp-content\/uploads\/2014\/09\/pdf-icon-150x150.png 150w\" sizes=\"(max-width: 256px) 100vw, 256px\" \/><\/a><strong>Rottler Lili<\/strong><br>P\u00e9csi Tudom\u00e1nyegyetem Pszichol\u00f3gia Int\u00e9zet, rottler.lili@gmail.com<\/p>\n<p>Essz\u00e9mben a pszichoanal\u00edzis anyas\u00e1gr\u00f3l alkotott k\u00e9p\u00e9t mutatom be a freudi elm\u00e9let relev\u00e1ns sz\u00f6vegeinek r\u00f6vid ismertet\u00e9s\u00e9vel, valamint bemutatom Nancy Chodorow az anyas\u00e1g reprodukci\u00f3j\u00e1r\u00f3l alkotott (neofreudista) elm\u00e9let\u00e9t, amely a pszichoanal\u00edzis feminista aspektusait igyekszik kiakn\u00e1zni. \u00c9rvel\u00e9semben r\u00e1mutatok a pszichol\u00f3gia tudom\u00e1ny\u00e1nak azon hi\u00e1nyoss\u00e1g\u00e1ra, amely t\u00e1rsadalomkritikai \u00e1ll\u00edt\u00e1sokat mell\u0151zve ker\u00fcli az anyas\u00e1g kult\u00fara- \u00e9s korszakf\u00fcgg\u0151 elemz\u00e9s\u00e9t, ezzel azt az \u00e1ltal\u00e1noss\u00e1 v\u00e1lt elv\u00e1r\u00e1st er\u0151s\u00edtve, amely els\u0151dlegesen a n\u0151kre h\u00e1r\u00edtja a gyermeknevel\u00e9s feladatait, valamint alapvet\u0151 \u00f6szt\u00f6n\u00f6ket t\u00e1rs\u00edt az anyai szerephez. Mindemellett essz\u00e9mben r\u00e1mutatok arra is, hogy a pszichoanal\u00edzis kritik\u00e1ja nemcsak a m\u00f3dszertan, valamint a t\u00f6rt\u00e9nelmi kontextus t\u00e1rgyal\u00e1s\u00e1ban mer\u00fcl ki, mivel a megv\u00e1ltozott korszellemben \u00edr\u00f3dott neofreudista elm\u00e9letek sem tudnak az apai szerepnek fogalmi keretez\u00e9st adni.<\/p>\n<p><strong>Kulcsszavak<\/strong>: freudi pszichoanal\u00edzis, anyas\u00e1g, feminizmus<\/p>\n<p>[hr\/]<\/p>\n<h3>English abstract<\/h3>\n<p>In my essay, I describe the psychoanalytic view of motherhood, with a brief overview of relevant texts in the Freudian theory and Nancy Chodorow\u2019s (neo-Freudian) concept of the reproduction of mothering, which seeks to explore the feminist aspects of psychoanalysis. From there on, I will point out the shortcomings of the science of psychology, which usually turns a blind eye to the culture and era-specific analysis of motherhood, thus reinforcing the generalized assumption that women should be the primary caretakers of children and that there are basic instincts associated with the role of motherhood. Following, I will also point out that the critique of psychoanalysis is not limited to the discussion of its methodology and historical context, as neo-Freudian theories written in a changed zeitgeist also cannot provide a conceptual framework for the paternal role.<\/p>\n<p><strong>Keywords<\/strong>: Freudian psychoanalysis, psychoanalytiv views on motherhood, feminism<\/p>\n<p>&nbsp;<\/p>\n<p><a title=\"2022 december\" href=\"http:\/\/www.impulzus-pszichologia.hu\/?page_id=2095\">\u00ab Vissza a tartalomjegyz\u00e9khez<\/a><\/p>\n","protected":false},"excerpt":{"rendered":"<p>Rottler LiliP\u00e9csi Tudom\u00e1nyegyetem Pszichol\u00f3gia Int\u00e9zet, rottler.lili@gmail.com Essz\u00e9mben a pszichoanal\u00edzis anyas\u00e1gr\u00f3l alkotott k\u00e9p\u00e9t mutatom be a freudi elm\u00e9let relev\u00e1ns sz\u00f6vegeinek r\u00f6vid ismertet\u00e9s\u00e9vel, valamint bemutatom Nancy Chodorow az anyas\u00e1g reprodukci\u00f3j\u00e1r\u00f3l alkotott (neofreudista) elm\u00e9let\u00e9t, amely a pszichoanal\u00edzis feminista aspektusait igyekszik kiakn\u00e1zni. \u00c9rvel\u00e9semben r\u00e1mutatok a pszichol\u00f3gia tudom\u00e1ny\u00e1nak azon hi\u00e1nyoss\u00e1g\u00e1ra, amely t\u00e1rsadalomkritikai \u00e1ll\u00edt\u00e1sokat mell\u0151zve ker\u00fcli az anyas\u00e1g kult\u00fara- \u00e9s korszakf\u00fcgg\u0151 [&hellip;]<\/p>\n","protected":false},"author":1,"featured_media":0,"parent":2095,"menu_order":0,"comment_status":"closed","ping_status":"closed","template":"template_fullwidth.php","meta":{"footnotes":""},"_links":{"self":[{"href":"https:\/\/impulzus-pszichologia.hu\/index.php?rest_route=\/wp\/v2\/pages\/2147"}],"collection":[{"href":"https:\/\/impulzus-pszichologia.hu\/index.php?rest_route=\/wp\/v2\/pages"}],"about":[{"href":"https:\/\/impulzus-pszichologia.hu\/index.php?rest_route=\/wp\/v2\/types\/page"}],"author":[{"embeddable":true,"href":"https:\/\/impulzus-pszichologia.hu\/index.php?rest_route=\/wp\/v2\/users\/1"}],"replies":[{"embeddable":true,"href":"https:\/\/impulzus-pszichologia.hu\/index.php?rest_route=%2Fwp%2Fv2%2Fcomments&post=2147"}],"version-history":[{"count":1,"href":"https:\/\/impulzus-pszichologia.hu\/index.php?rest_route=\/wp\/v2\/pages\/2147\/revisions"}],"predecessor-version":[{"id":2148,"href":"https:\/\/impulzus-pszichologia.hu\/index.php?rest_route=\/wp\/v2\/pages\/2147\/revisions\/2148"}],"up":[{"embeddable":true,"href":"https:\/\/impulzus-pszichologia.hu\/index.php?rest_route=\/wp\/v2\/pages\/2095"}],"wp:attachment":[{"href":"https:\/\/impulzus-pszichologia.hu\/index.php?rest_route=%2Fwp%2Fv2%2Fmedia&parent=2147"}],"curies":[{"name":"wp","href":"https:\/\/api.w.org\/{rel}","templated":true}]}}