{"id":2269,"date":"2025-01-07T10:01:31","date_gmt":"2025-01-07T10:01:31","guid":{"rendered":"https:\/\/impulzus-pszichologia.hu\/?page_id=2269"},"modified":"2025-01-07T10:34:35","modified_gmt":"2025-01-07T10:34:35","slug":"2023-december-2","status":"publish","type":"page","link":"https:\/\/impulzus-pszichologia.hu\/?page_id=2269","title":{"rendered":"2024 December"},"content":{"rendered":"\n<p><\/p>\n\n\n\n<div class=\"wp-block-columns is-layout-flex wp-container-core-columns-layout-1 wp-block-columns-is-layout-flex\">\n<div class=\"wp-block-column is-layout-flow wp-block-column-is-layout-flow\" style=\"flex-basis:33.33%\">\n<figure class=\"wp-block-image size-full\"><a href=\"https:\/\/impulzus-pszichologia.hu\/wp-content\/uploads\/2025\/01\/2024-cimoldal.png\"><img loading=\"lazy\" decoding=\"async\" width=\"722\" height=\"976\" src=\"https:\/\/impulzus-pszichologia.hu\/wp-content\/uploads\/2025\/01\/2024-cimoldal.png\" alt=\"\" class=\"wp-image-2268\" srcset=\"https:\/\/impulzus-pszichologia.hu\/wp-content\/uploads\/2025\/01\/2024-cimoldal.png 722w, https:\/\/impulzus-pszichologia.hu\/wp-content\/uploads\/2025\/01\/2024-cimoldal-222x300.png 222w\" sizes=\"(max-width: 722px) 100vw, 722px\" \/><\/a><\/figure>\n<\/div>\n\n\n\n<div class=\"wp-block-column is-layout-flow wp-block-column-is-layout-flow\" style=\"flex-basis:66.66%\">\n<p>SZEGEDI PSZICHOL\u00d3GIAI TANULM\u00c1NYOK<br>DI\u00c1KSZERZ\u0150K PUBLIK\u00c1CI\u00d3S F\u00d3RUMA<br>11. \u00c9VFOLYAM, 1. SZ\u00c1M<br>2024 DECEMBER<\/p>\n<\/div>\n<\/div>\n\n\n\n<h2 class=\"wp-block-heading\">Tartalomjegyz\u00e9k<\/h2>\n\n\n\n<ul>\n<li><a href=\"https:\/\/impulzus-pszichologia.hu\/wp-content\/uploads\/2025\/01\/Kolofon-oldal.docx.pdf\" target=\"_blank\" rel=\"noreferrer noopener\">Kolofon<\/a><\/li>\n<\/ul>\n\n\n\n<ul>\n<li><a href=\"https:\/\/www.impulzus-pszichologia.hu\/?page_id=2261\" data-type=\"page\" data-id=\"2230\">A L\u00c9T \u00c9S A P\u00c1NIK<\/a><br><em>Dobi Barka, Nagy L\u00e1szl\u00f3<\/em><\/li>\n\n\n\n<li><a href=\"https:\/\/www.impulzus-pszichologia.hu\/?page_id=2280\" data-type=\"page\" data-id=\"2230\">A HAL\u00c1LLAL, GY\u00c1SSZAL \u00c9S ANNAK FELDOLGOZ\u00c1S\u00c1VAL KAPCSOLATOS ASSZOCI\u00c1CI\u00d3K<\/a><br><em>Nagy Zsolt Gy\u00f6rgy<\/em><\/li>\n\n\n\n<li><a href=\"https:\/\/www.impulzus-pszichologia.hu\/?page_id=2285\" data-type=\"page\" data-id=\"2230\">EV\u00c9SZAVAROK \u00c9S A K\u00d6Z\u00d6SS\u00c9GI M\u00c9DIA<\/a><br><em>N\u00e9meth Gerda<\/em><\/li>\n\n\n\n<li><a href=\"https:\/\/www.impulzus-pszichologia.hu\/?page_id=2290\" data-type=\"page\" data-id=\"2230\">A \u201cJ\u201d \u00c9S AZ \u201cLY\u201d BET\u0170K AGYI REPREZENT\u00c1CI\u00d3JA<\/a><br><em>Patk\u00f3s R\u00e9ka<\/em><\/li>\n\n\n\n<li><a href=\"https:\/\/www.impulzus-pszichologia.hu\/?page_id=2294\" data-type=\"page\" data-id=\"2230\">\u201e&#8230;J\u00c1TSZANI IS ENGEDD&#8230;\u201d<\/a><br><em>Tak\u00e1cs Szilvia<\/em><\/li>\n\n\n\n<li><a href=\"https:\/\/www.impulzus-pszichologia.hu\/?page_id=2299\" data-type=\"page\" data-id=\"2230\">AZ INCELEK VIZSG\u00c1LATA<\/a><br><em>T\u00f3th Laura<\/em><\/li>\n<\/ul>\n","protected":false},"excerpt":{"rendered":"<p>SZEGEDI PSZICHOL\u00d3GIAI TANULM\u00c1NYOKDI\u00c1KSZERZ\u0150K PUBLIK\u00c1CI\u00d3S F\u00d3RUMA11. \u00c9VFOLYAM, 1. SZ\u00c1M2024 DECEMBER Tartalomjegyz\u00e9k<\/p>\n","protected":false},"author":1,"featured_media":0,"parent":1378,"menu_order":0,"comment_status":"closed","ping_status":"closed","template":"","meta":{"footnotes":""},"_links":{"self":[{"href":"https:\/\/impulzus-pszichologia.hu\/index.php?rest_route=\/wp\/v2\/pages\/2269"}],"collection":[{"href":"https:\/\/impulzus-pszichologia.hu\/index.php?rest_route=\/wp\/v2\/pages"}],"about":[{"href":"https:\/\/impulzus-pszichologia.hu\/index.php?rest_route=\/wp\/v2\/types\/page"}],"author":[{"embeddable":true,"href":"https:\/\/impulzus-pszichologia.hu\/index.php?rest_route=\/wp\/v2\/users\/1"}],"replies":[{"embeddable":true,"href":"https:\/\/impulzus-pszichologia.hu\/index.php?rest_route=%2Fwp%2Fv2%2Fcomments&post=2269"}],"version-history":[{"count":9,"href":"https:\/\/impulzus-pszichologia.hu\/index.php?rest_route=\/wp\/v2\/pages\/2269\/revisions"}],"predecessor-version":[{"id":2307,"href":"https:\/\/impulzus-pszichologia.hu\/index.php?rest_route=\/wp\/v2\/pages\/2269\/revisions\/2307"}],"up":[{"embeddable":true,"href":"https:\/\/impulzus-pszichologia.hu\/index.php?rest_route=\/wp\/v2\/pages\/1378"}],"wp:attachment":[{"href":"https:\/\/impulzus-pszichologia.hu\/index.php?rest_route=%2Fwp%2Fv2%2Fmedia&parent=2269"}],"curies":[{"name":"wp","href":"https:\/\/api.w.org\/{rel}","templated":true}]}}