{"id":2290,"date":"2025-01-07T10:18:03","date_gmt":"2025-01-07T10:18:03","guid":{"rendered":"https:\/\/impulzus-pszichologia.hu\/?page_id=2290"},"modified":"2025-01-07T10:18:03","modified_gmt":"2025-01-07T10:18:03","slug":"a-j-es-az-ly-betuk-agyi-reprezentacioja","status":"publish","type":"page","link":"https:\/\/impulzus-pszichologia.hu\/?page_id=2290","title":{"rendered":"A \u201cJ\u201d \u00c9S AZ \u201cLY\u201d BET\u0170K AGYI REPREZENT\u00c1CI\u00d3JA"},"content":{"rendered":"\n<p><strong>K\u00c9T BET\u0170 \u2013 <\/strong><strong>EGY HANG<br>A <\/strong><strong><em>J <\/em><\/strong><strong>\u00c9S AZ <\/strong><strong><em>LY <\/em><\/strong><strong>BET\u0170K REPREZENT\u00c1CI\u00d3J\u00c1NAK VIZSG\u00c1LATA AZ AUTOMATIKUS FELDOLGOZ\u00c1S SOR\u00c1N<\/strong><\/p>\n\n\n\n<figure class=\"wp-block-image alignright is-resized\"><a href=\"https:\/\/impulzus-pszichologia.hu\/wp-content\/uploads\/2025\/01\/04-patkos.pdf\"><img loading=\"lazy\" decoding=\"async\" width=\"256\" height=\"256\" src=\"http:\/\/www.impulzus-pszichologia.hu\/wp-content\/uploads\/2014\/09\/pdf-icon.png\" alt=\"pdf-icon\" class=\"wp-image-1684\" style=\"width:80px\" srcset=\"https:\/\/impulzus-pszichologia.hu\/wp-content\/uploads\/2014\/09\/pdf-icon.png 256w, https:\/\/impulzus-pszichologia.hu\/wp-content\/uploads\/2014\/09\/pdf-icon-150x150.png 150w\" sizes=\"(max-width: 256px) 100vw, 256px\" \/><\/a><\/figure>\n\n\n\n<p><strong><strong><strong><strong>Patk\u00f3s R\u00e9ka<\/strong><\/strong><\/strong><\/strong><\/p>\n\n\n\n<p>Szegedi Tudom\u00e1nyegyetem BTK, Pszichol\u00f3giai Int\u00e9zet<\/p>\n\n\n\n<p class=\"has-text-color has-link-color wp-elements-d359f40c520fe1cca00441c28df9454e\" style=\"color:#0051e9\"><a href=\"mailto:reka.patkos@gmail.com\">reka.patkos@gmail.com<\/a><\/p>\n\n\n\n<p>Munk\u00e1m egy empirikus munk\u00e1t mutat be az olvas\u00e1s agyi folyamatair\u00f3l, a gyors agyi feldolgoz\u00e1sr\u00f3l. Azt vizsg\u00e1ltam, hogy az agy hogyan dolgoz fel bizonyos bet\u0171ket. A magyar nyelv saj\u00e1toss\u00e1gait kihaszn\u00e1lva k\u00e9t olyan bet\u0171t v\u00e1lasztottam, amelyek hangz\u00e1sa homof\u00f3n: a \u201cj\u201d \u00e9s az \u201cly\u201d bet\u0171ket. A kutat\u00e1st el\u0151fesz\u00edt\u00e9ses (priming) paradigm\u00e1val \u00e9s lexikai d\u00f6nt\u00e9ses vizsg\u00e1lattal v\u00e9geztem. A feladat az volt, hogy a k\u00eds\u00e9rletben r\u00e9szt vev\u0151k min\u00e9l gyorsabban eld\u00f6nts\u00e9k, hogy a c\u00e9linger (target) sz\u00f3 vagy \u00e1lsz\u00f3. A targetet k\u00fcsz\u00f6b alatt \u00e9rz\u00e9kelt el\u0151fesz\u00edt\u0151 inger (prime) el\u0151zte meg, amely 3 f\u00e9le lehetett: a targettel megegyez\u0151 (azonos), a target homof\u00f3n bet\u0171p\u00e1rj\u00e1t tartalmaz\u00f3 (homof\u00f3n), vagy teljesen k\u00fcl\u00f6nb\u00f6z\u0151 (f\u00fcggetlen). A k\u00eds\u00e9rletben 83 \u00e9retts\u00e9givel rendelkez\u0151, magyarul olvas\u00f3 szem\u00e9ly eredm\u00e9nyeit vizsg\u00e1ltam, akik a lexikai d\u00f6nt\u00e9ses vizsg\u00e1latot egy online teszt form\u00e1j\u00e1ban v\u00e9gezt\u00e9k el.<\/p>\n\n\n\n<p>Eredm\u00e9nyeim szerint m\u00e1r a gyors feldolgoz\u00e1s sor\u00e1n elk\u00fcl\u00f6n\u00fcl a \u201cj\u201d \u00e9s az \u201cly\u201d bet\u0171, b\u00e1r nem kiz\u00e1rhat\u00f3 valamilyen fok\u00fa al\u00e1rendelts\u00e9g.<\/p>\n\n\n\n<p><strong>Kulcsszavak<\/strong>: helyes\u00edr\u00e1s, gyors agyi feldolgoz\u00e1s, priming paradigma, lexikai d\u00f6nt\u00e9ses vizsg\u00e1lat<\/p>\n\n\n\n<p><strong>K\u00f6sz\u00f6netnyilv\u00e1n\u00edt\u00e1s<\/strong>: K\u00f6sz\u00f6n\u00f6m t\u00e9mavezet\u0151mnek, dr. Benyhe Andr\u00e1snak, hogy \u00fatmutat\u00e1saival, magyar\u00e1zataival \u00e9s szak\u00e9rtelm\u00e9vel seg\u00edtette a munk\u00e1mat. K\u00f6sz\u00f6n\u00f6m dr. Patk\u00f3s Veronik\u00e1nak a sz\u00e1m\u00edt\u00e1sokban ny\u00fajtott seg\u00edts\u00e9g\u00e9t. Minden fennmarad\u00f3 hiba az eny\u00e9m.<\/p>\n\n\n\n<hr class=\"wp-block-separator has-alpha-channel-opacity\"\/>\n\n\n\n<p><a href=\"https:\/\/www.impulzus-pszichologia.hu\/?page_id=2269\" data-type=\"page\" data-id=\"2165\">\u00ab Vissza a tartalomjegyz\u00e9khez<\/a><\/p>\n","protected":false},"excerpt":{"rendered":"<p>K\u00c9T BET\u0170 \u2013 EGY HANGA J \u00c9S AZ LY BET\u0170K REPREZENT\u00c1CI\u00d3J\u00c1NAK VIZSG\u00c1LATA AZ AUTOMATIKUS FELDOLGOZ\u00c1S SOR\u00c1N Patk\u00f3s R\u00e9ka Szegedi Tudom\u00e1nyegyetem BTK, Pszichol\u00f3giai Int\u00e9zet reka.patkos@gmail.com Munk\u00e1m egy empirikus munk\u00e1t mutat be az olvas\u00e1s agyi folyamatair\u00f3l, a gyors agyi feldolgoz\u00e1sr\u00f3l. Azt vizsg\u00e1ltam, hogy az agy hogyan dolgoz fel bizonyos bet\u0171ket. A magyar nyelv saj\u00e1toss\u00e1gait kihaszn\u00e1lva k\u00e9t olyan [&hellip;]<\/p>\n","protected":false},"author":1,"featured_media":0,"parent":2269,"menu_order":0,"comment_status":"closed","ping_status":"closed","template":"","meta":{"footnotes":""},"_links":{"self":[{"href":"https:\/\/impulzus-pszichologia.hu\/index.php?rest_route=\/wp\/v2\/pages\/2290"}],"collection":[{"href":"https:\/\/impulzus-pszichologia.hu\/index.php?rest_route=\/wp\/v2\/pages"}],"about":[{"href":"https:\/\/impulzus-pszichologia.hu\/index.php?rest_route=\/wp\/v2\/types\/page"}],"author":[{"embeddable":true,"href":"https:\/\/impulzus-pszichologia.hu\/index.php?rest_route=\/wp\/v2\/users\/1"}],"replies":[{"embeddable":true,"href":"https:\/\/impulzus-pszichologia.hu\/index.php?rest_route=%2Fwp%2Fv2%2Fcomments&post=2290"}],"version-history":[{"count":2,"href":"https:\/\/impulzus-pszichologia.hu\/index.php?rest_route=\/wp\/v2\/pages\/2290\/revisions"}],"predecessor-version":[{"id":2293,"href":"https:\/\/impulzus-pszichologia.hu\/index.php?rest_route=\/wp\/v2\/pages\/2290\/revisions\/2293"}],"up":[{"embeddable":true,"href":"https:\/\/impulzus-pszichologia.hu\/index.php?rest_route=\/wp\/v2\/pages\/2269"}],"wp:attachment":[{"href":"https:\/\/impulzus-pszichologia.hu\/index.php?rest_route=%2Fwp%2Fv2%2Fmedia&parent=2290"}],"curies":[{"name":"wp","href":"https:\/\/api.w.org\/{rel}","templated":true}]}}